{"id":102,"date":"2021-05-14T14:28:30","date_gmt":"2021-05-14T12:28:30","guid":{"rendered":"https:\/\/www.mallorcaliteraria.cat\/webNova\/botiga\/?post_type=product&#038;p=102"},"modified":"2025-05-21T14:00:30","modified_gmt":"2025-05-21T12:00:30","slug":"a-la-recerca-de-la-novella-inefable","status":"publish","type":"product","link":"https:\/\/www.mallorcaliteraria.cat\/botiga\/producte\/a-la-recerca-de-la-novella-inefable\/","title":{"rendered":"Llibre: &#8220;Lloren\u00e7 Villalonga. A la recerca de la novel\u00b7la inefable&#8221;"},"content":{"rendered":"<p>Autor\/a: Vicent Simbor Roig<br \/>\nEditorial: Inst. Univ. De Fil. Valenciana i Publ. De l&#8217;Abadia de Montserrat, Val\u00e8ncia\/Barcelona.<br \/>\nCol\u00b7lecci\u00f3: Biblioteca Sanchis Guarner<br \/>\nAny d&#8217;edici\u00f3: 1999<\/p>\n<p>Estudi sistem\u00e0tic de tota la producci\u00f3 novel\u00b7l\u00edstica de l&#8217;escriptor mallorqu\u00ed. Llibre innovador i oport\u00fa que apareix en el moment en qu\u00e8 els actes de celebraci\u00f3 del centenari de la naixen\u00e7a de Villalonga han donat major vig\u00e8ncia a la seua aportaci\u00f3 liter\u00e0ria.<\/p>\n<p>Tapa tova, 304 p\u00e0gines.<br \/>\nMides: 19,5 x 14,2 cms.<\/p>\n","protected":false},"excerpt":{"rendered":"<p>Autor\/a: Vicent Simbor Roig Editorial: Inst. Univ. De Fil. Valenciana i Publ. De l&#8217;Abadia de Montserrat, Val\u00e8ncia\/Barcelona. Col\u00b7lecci\u00f3: Biblioteca Sanchis Guarner Any d&#8217;edici\u00f3: 1999 Estudi sistem\u00e0tic de tota la producci\u00f3 novel\u00b7l\u00edstica de l&#8217;escriptor mallorqu\u00ed. Llibre innovador i oport\u00fa que apareix en el moment en qu\u00e8 els actes de celebraci\u00f3 del centenari de la naixen\u00e7a de [&hellip;]<\/p>\n","protected":false},"featured_media":103,"comment_status":"open","ping_status":"closed","template":"","meta":[],"product_brand":[],"product_cat":[21],"product_tag":[36],"class_list":{"0":"post-102","1":"product","2":"type-product","3":"status-publish","4":"has-post-thumbnail","6":"product_cat-bl","7":"product_tag-bl0001","9":"first","10":"instock","11":"shipping-taxable","12":"purchasable","13":"product-type-simple"},"_links":{"self":[{"href":"https:\/\/www.mallorcaliteraria.cat\/botiga\/wp-json\/wp\/v2\/product\/102","targetHints":{"allow":["GET"]}}],"collection":[{"href":"https:\/\/www.mallorcaliteraria.cat\/botiga\/wp-json\/wp\/v2\/product"}],"about":[{"href":"https:\/\/www.mallorcaliteraria.cat\/botiga\/wp-json\/wp\/v2\/types\/product"}],"replies":[{"embeddable":true,"href":"https:\/\/www.mallorcaliteraria.cat\/botiga\/wp-json\/wp\/v2\/comments?post=102"}],"wp:featuredmedia":[{"embeddable":true,"href":"https:\/\/www.mallorcaliteraria.cat\/botiga\/wp-json\/wp\/v2\/media\/103"}],"wp:attachment":[{"href":"https:\/\/www.mallorcaliteraria.cat\/botiga\/wp-json\/wp\/v2\/media?parent=102"}],"wp:term":[{"taxonomy":"product_brand","embeddable":true,"href":"https:\/\/www.mallorcaliteraria.cat\/botiga\/wp-json\/wp\/v2\/product_brand?post=102"},{"taxonomy":"product_cat","embeddable":true,"href":"https:\/\/www.mallorcaliteraria.cat\/botiga\/wp-json\/wp\/v2\/product_cat?post=102"},{"taxonomy":"product_tag","embeddable":true,"href":"https:\/\/www.mallorcaliteraria.cat\/botiga\/wp-json\/wp\/v2\/product_tag?post=102"}],"curies":[{"name":"wp","href":"https:\/\/api.w.org\/{rel}","templated":true}]}}

Llibre: &#8220;Llorenç Villalonga. A la recerca de la novel·la inefable&#8221;

<p>Autor/a: Vicent Simbor Roig<br />
Editorial: Inst. Univ. De Fil. Valenciana i Publ. De l&#8217;Abadia de Montserrat, València/Barcelona.<br />
Col·lecció: Biblioteca Sanchis Guarner<br />
Any d&#8217;edició: 1999</p>
<p>Estudi sistemàtic de tota la producció novel·lística de l&#8217;escriptor mallorquí. Llibre innovador i oportú que apareix en el moment en què els actes de celebració del centenari de la naixença de Villalonga han donat major vigència a la seua aportació literària.</p>
<p>Tapa tova, 304 pàgines.<br />
Mides: 19,5 x 14,2 cms.</p>

<p>Autor/a: Vicent Simbor Roig Editorial: Inst. Univ. De Fil. Valenciana i Publ. De l&#8217;Abadia de Montserrat, València/Barcelona. Col·lecció: Biblioteca Sanchis Guarner Any d&#8217;edició: 1999 Estudi sistemàtic de tota la producció novel·lística de l&#8217;escriptor mallorquí. Llibre innovador i oportú que apareix en el moment en què els actes de celebració del centenari de la naixença de [&hellip;]</p>
