{"id":106,"date":"2021-05-14T14:33:01","date_gmt":"2021-05-14T12:33:01","guid":{"rendered":"https:\/\/www.mallorcaliteraria.cat\/webNova\/botiga\/?post_type=product&#038;p=106"},"modified":"2025-05-21T14:00:22","modified_gmt":"2025-05-21T12:00:22","slug":"a-la-recerca-de-llorenc-villalonga","status":"publish","type":"product","link":"https:\/\/www.mallorcaliteraria.cat\/botiga\/producte\/a-la-recerca-de-llorenc-villalonga\/","title":{"rendered":"Llibre: &#8220;A la recerca de  Lloren\u00e7 Villalonga&#8221;"},"content":{"rendered":"<p>Autor\/a: Jaume Pomar<br \/>\nEditorial: El Tall, Palma.<br \/>\nAny d&#8217;edici\u00f3: 2001<br \/>\nJaume Pomar \u00e9s el millor especialista actual sobre la figura i l&#8217;obra de Lloren\u00e7 Villalonga. &#8220;A la recerca de Lloren\u00e7 Villalonga&#8221; \u00e9s un recull de setze treballs ja apareguts entre els anys 1977 i 1997 a diferents revistes i mitjans de comunicaci\u00f3, que tots plegats ens ajuden a con\u00e8ixer millor a l&#8217;escriptor mallorqu\u00ed que ha assolit la major projecci\u00f3 exterior en la hist\u00f2ria de la literatura mallorquina, despr\u00e9s de Ramon Llull.<\/p>\n<p>Tapa tova, 196 p\u00e0gines.<br \/>\nMides: 22 x 14,5 cms.                        <\/p>\n","protected":false},"excerpt":{"rendered":"<p>Autor\/a: Jaume Pomar Editorial: El Tall, Palma. Any d&#8217;edici\u00f3: 2001 Jaume Pomar \u00e9s el millor especialista actual sobre la figura i l&#8217;obra de Lloren\u00e7 Villalonga. &#8220;A la recerca de Lloren\u00e7 Villalonga&#8221; \u00e9s un recull de setze treballs ja apareguts entre els anys 1977 i 1997 a diferents revistes i mitjans de comunicaci\u00f3, que tots plegats [&hellip;]<\/p>\n","protected":false},"featured_media":108,"comment_status":"open","ping_status":"closed","template":"","meta":[],"product_brand":[],"product_cat":[21],"product_tag":[37],"class_list":{"0":"post-106","1":"product","2":"type-product","3":"status-publish","4":"has-post-thumbnail","6":"product_cat-bl","7":"product_tag-bl0002","9":"first","10":"instock","11":"shipping-taxable","12":"purchasable","13":"product-type-simple"},"_links":{"self":[{"href":"https:\/\/www.mallorcaliteraria.cat\/botiga\/wp-json\/wp\/v2\/product\/106","targetHints":{"allow":["GET"]}}],"collection":[{"href":"https:\/\/www.mallorcaliteraria.cat\/botiga\/wp-json\/wp\/v2\/product"}],"about":[{"href":"https:\/\/www.mallorcaliteraria.cat\/botiga\/wp-json\/wp\/v2\/types\/product"}],"replies":[{"embeddable":true,"href":"https:\/\/www.mallorcaliteraria.cat\/botiga\/wp-json\/wp\/v2\/comments?post=106"}],"wp:featuredmedia":[{"embeddable":true,"href":"https:\/\/www.mallorcaliteraria.cat\/botiga\/wp-json\/wp\/v2\/media\/108"}],"wp:attachment":[{"href":"https:\/\/www.mallorcaliteraria.cat\/botiga\/wp-json\/wp\/v2\/media?parent=106"}],"wp:term":[{"taxonomy":"product_brand","embeddable":true,"href":"https:\/\/www.mallorcaliteraria.cat\/botiga\/wp-json\/wp\/v2\/product_brand?post=106"},{"taxonomy":"product_cat","embeddable":true,"href":"https:\/\/www.mallorcaliteraria.cat\/botiga\/wp-json\/wp\/v2\/product_cat?post=106"},{"taxonomy":"product_tag","embeddable":true,"href":"https:\/\/www.mallorcaliteraria.cat\/botiga\/wp-json\/wp\/v2\/product_tag?post=106"}],"curies":[{"name":"wp","href":"https:\/\/api.w.org\/{rel}","templated":true}]}}

Llibre: &#8220;A la recerca de  Llorenç Villalonga&#8221;

<p>Autor/a: Jaume Pomar<br />
Editorial: El Tall, Palma.<br />
Any d&#8217;edició: 2001<br />
Jaume Pomar és el millor especialista actual sobre la figura i l&#8217;obra de Llorenç Villalonga. &#8220;A la recerca de Llorenç Villalonga&#8221; és un recull de setze treballs ja apareguts entre els anys 1977 i 1997 a diferents revistes i mitjans de comunicació, que tots plegats ens ajuden a conèixer millor a l&#8217;escriptor mallorquí que ha assolit la major projecció exterior en la història de la literatura mallorquina, després de Ramon Llull.</p>
<p>Tapa tova, 196 pàgines.<br />
Mides: 22 x 14,5 cms.                        </p>

<p>Autor/a: Jaume Pomar Editorial: El Tall, Palma. Any d&#8217;edició: 2001 Jaume Pomar és el millor especialista actual sobre la figura i l&#8217;obra de Llorenç Villalonga. &#8220;A la recerca de Llorenç Villalonga&#8221; és un recull de setze treballs ja apareguts entre els anys 1977 i 1997 a diferents revistes i mitjans de comunicació, que tots plegats [&hellip;]</p>
