{"id":114,"date":"2021-05-14T14:43:15","date_gmt":"2021-05-14T12:43:15","guid":{"rendered":"https:\/\/www.mallorcaliteraria.cat\/webNova\/botiga\/?post_type=product&#038;p=114"},"modified":"2025-05-21T13:59:42","modified_gmt":"2025-05-21T11:59:42","slug":"andrea-victrix","status":"publish","type":"product","link":"https:\/\/www.mallorcaliteraria.cat\/botiga\/producte\/andrea-victrix\/","title":{"rendered":"Andrea V\u00edctrix"},"content":{"rendered":"<p>Autor\/a: Lloren\u00e7 Villalonga.<br \/>\nEditorial: Destino, Barcelona.<br \/>\nCol\u00b7lecci\u00f3: L&#8217;\u00c0ncora.<br \/>\nAny d&#8217;edici\u00f3: 1997<\/p>\n<p>\u00c9s l\u2019any 2050. Palma de Mallorca ara porta el nom de Turclub, i s\u2019ha convertit en un lloc plastificat i amb gratacels on els ciutadans intenten abreujar la seva vida ingerint enormes quantitats de drogues i estimulants.<\/p>\n<p>Tapa tova, 331p\u00e0gines.<br \/>\nMides: 20 x 12,5 cms.<\/p>\n","protected":false},"excerpt":{"rendered":"<p>Autor\/a: Lloren\u00e7 Villalonga. Editorial: Destino, Barcelona. Col\u00b7lecci\u00f3: L&#8217;\u00c0ncora. Any d&#8217;edici\u00f3: 1997 \u00c9s l\u2019any 2050. Palma de Mallorca ara porta el nom de Turclub, i s\u2019ha convertit en un lloc plastificat i amb gratacels on els ciutadans intenten abreujar la seva vida ingerint enormes quantitats de drogues i estimulants. Tapa tova, 331p\u00e0gines. Mides: 20 x 12,5 [&hellip;]<\/p>\n","protected":false},"featured_media":115,"comment_status":"open","ping_status":"closed","template":"","meta":[],"product_brand":[],"product_cat":[21],"product_tag":[39],"class_list":{"0":"post-114","1":"product","2":"type-product","3":"status-publish","4":"has-post-thumbnail","6":"product_cat-bl","7":"product_tag-bl0004","9":"first","10":"instock","11":"shipping-taxable","12":"purchasable","13":"product-type-simple"},"_links":{"self":[{"href":"https:\/\/www.mallorcaliteraria.cat\/botiga\/wp-json\/wp\/v2\/product\/114","targetHints":{"allow":["GET"]}}],"collection":[{"href":"https:\/\/www.mallorcaliteraria.cat\/botiga\/wp-json\/wp\/v2\/product"}],"about":[{"href":"https:\/\/www.mallorcaliteraria.cat\/botiga\/wp-json\/wp\/v2\/types\/product"}],"replies":[{"embeddable":true,"href":"https:\/\/www.mallorcaliteraria.cat\/botiga\/wp-json\/wp\/v2\/comments?post=114"}],"wp:featuredmedia":[{"embeddable":true,"href":"https:\/\/www.mallorcaliteraria.cat\/botiga\/wp-json\/wp\/v2\/media\/115"}],"wp:attachment":[{"href":"https:\/\/www.mallorcaliteraria.cat\/botiga\/wp-json\/wp\/v2\/media?parent=114"}],"wp:term":[{"taxonomy":"product_brand","embeddable":true,"href":"https:\/\/www.mallorcaliteraria.cat\/botiga\/wp-json\/wp\/v2\/product_brand?post=114"},{"taxonomy":"product_cat","embeddable":true,"href":"https:\/\/www.mallorcaliteraria.cat\/botiga\/wp-json\/wp\/v2\/product_cat?post=114"},{"taxonomy":"product_tag","embeddable":true,"href":"https:\/\/www.mallorcaliteraria.cat\/botiga\/wp-json\/wp\/v2\/product_tag?post=114"}],"curies":[{"name":"wp","href":"https:\/\/api.w.org\/{rel}","templated":true}]}}