{"id":148,"date":"2021-05-17T13:02:45","date_gmt":"2021-05-17T11:02:45","guid":{"rendered":"https:\/\/www.mallorcaliteraria.cat\/webNova\/botiga\/?post_type=product&#038;p=148"},"modified":"2024-02-03T11:15:25","modified_gmt":"2024-02-03T09:15:25","slug":"llibre-bearn-o-la-sala-de-les-nines","status":"publish","type":"product","link":"https:\/\/www.mallorcaliteraria.cat\/botiga\/producte\/llibre-bearn-o-la-sala-de-les-nines\/","title":{"rendered":"Llibre: &#8220;Bearn o la sala de les nines&#8221;"},"content":{"rendered":"<p>Autor\/a: Lloren\u00e7 Villalonga<br \/>\nEditorial Club Editor, Barcelona.<br \/>\nCol\u00b7lecci\u00f3 Club Editor Jove.<br \/>\nAny d&#8217;edici\u00f3: 2002<\/p>\n<p>Bearn o la sala de les nines \u00e9s l&#8217;obra m\u00e9s reeixida de la narrativa de Lloren\u00e7 Villalonga. Dins d&#8217;un marc de possibles ressons autobiogr\u00e0fics i a trav\u00e9s d&#8217;una llarga carta escrita per Joan Mayol, capell\u00e0 de Bearn i possible fill natural del protagonista, es va perfilant la personalitat de don Toni, de Bearn, gran admirador del &#8220;segle de les llums&#8221;. Per mitj\u00e0 d&#8217;un joc d&#8217;oposicions i ambival\u00e8ncies i del retrat d&#8217;una classe social en declivi, l&#8217;autor ha constru\u00eft el gran poema eleg\u00edac d&#8217;un parad\u00eds perdut i ha elevat a mite el m\u00f3n decadent de l&#8217;aristocr\u00e0cia rural mallorquina de finals del segle XIX.<\/p>\n<p>Tapa tova, 263 p\u00e0gines.<br \/>\nMides: 21 x 12 cms.<\/p>\n","protected":false},"excerpt":{"rendered":"<p>Autor\/a: Lloren\u00e7 Villalonga Editorial Club Editor, Barcelona. Col\u00b7lecci\u00f3 Club Editor Jove. Any d&#8217;edici\u00f3: 2002 Bearn o la sala de les nines \u00e9s l&#8217;obra m\u00e9s reeixida de la narrativa de Lloren\u00e7 Villalonga. Dins d&#8217;un marc de possibles ressons autobiogr\u00e0fics i a trav\u00e9s d&#8217;una llarga carta escrita per Joan Mayol, capell\u00e0 de Bearn i possible fill natural [&hellip;]<\/p>\n","protected":false},"featured_media":140,"comment_status":"open","ping_status":"closed","template":"","meta":[],"product_brand":[],"product_cat":[21],"product_tag":[45],"class_list":{"0":"post-148","1":"product","2":"type-product","3":"status-publish","4":"has-post-thumbnail","6":"product_cat-bl","7":"product_tag-bl0009","9":"first","10":"outofstock","11":"shipping-taxable","12":"purchasable","13":"product-type-simple"},"_links":{"self":[{"href":"https:\/\/www.mallorcaliteraria.cat\/botiga\/wp-json\/wp\/v2\/product\/148","targetHints":{"allow":["GET"]}}],"collection":[{"href":"https:\/\/www.mallorcaliteraria.cat\/botiga\/wp-json\/wp\/v2\/product"}],"about":[{"href":"https:\/\/www.mallorcaliteraria.cat\/botiga\/wp-json\/wp\/v2\/types\/product"}],"replies":[{"embeddable":true,"href":"https:\/\/www.mallorcaliteraria.cat\/botiga\/wp-json\/wp\/v2\/comments?post=148"}],"wp:featuredmedia":[{"embeddable":true,"href":"https:\/\/www.mallorcaliteraria.cat\/botiga\/wp-json\/wp\/v2\/media\/140"}],"wp:attachment":[{"href":"https:\/\/www.mallorcaliteraria.cat\/botiga\/wp-json\/wp\/v2\/media?parent=148"}],"wp:term":[{"taxonomy":"product_brand","embeddable":true,"href":"https:\/\/www.mallorcaliteraria.cat\/botiga\/wp-json\/wp\/v2\/product_brand?post=148"},{"taxonomy":"product_cat","embeddable":true,"href":"https:\/\/www.mallorcaliteraria.cat\/botiga\/wp-json\/wp\/v2\/product_cat?post=148"},{"taxonomy":"product_tag","embeddable":true,"href":"https:\/\/www.mallorcaliteraria.cat\/botiga\/wp-json\/wp\/v2\/product_tag?post=148"}],"curies":[{"name":"wp","href":"https:\/\/api.w.org\/{rel}","templated":true}]}}