{"id":150,"date":"2021-05-17T13:10:35","date_gmt":"2021-05-17T11:10:35","guid":{"rendered":"https:\/\/www.mallorcaliteraria.cat\/webNova\/botiga\/?post_type=product&#038;p=150"},"modified":"2025-05-21T13:57:59","modified_gmt":"2025-05-21T11:57:59","slug":"llibre-bearn-entre-la-vida-i-la-ficcio","status":"publish","type":"product","link":"https:\/\/www.mallorcaliteraria.cat\/botiga\/producte\/llibre-bearn-entre-la-vida-i-la-ficcio\/","title":{"rendered":"Llibre: &#8220;Bearn, entre la vida i la ficci\u00f3&#8221;"},"content":{"rendered":"<p>Diversos autors.<br \/>\nEditorial: FML i Publicacions de l&#8217;Abadia de Montserrat, Barcelona.<br \/>\nCol\u00b7lecci\u00f3: Casa Museu Lloren\u00e7 Villalonga.<br \/>\nAny d&#8217;edici\u00f3: 2003<\/p>\n<p>Aquest volum recull les pon\u00e8ncies que s&#8217;exposaren durant la I Aula de Novel\u00b7la organitzada l&#8217;any 2000 per la Fundaci\u00f3 Casa Museu Lloren\u00e7 Villalonga amb la col\u00b7laboraci\u00f3 del Departament de Filologia Catalana i Ling\u00fc\u00edstica General de la Universitat de les Illes Balears. El tema monogr\u00e0fic del curs fou l&#8217;an\u00e0lisi de Bearn o la sala de les nines, l&#8217;obra cabdal de l&#8217;escriptor mallorqu\u00ed Lloren\u00e7 Villalonga.<\/p>\n<p>Tapa tova, 157 p\u00e0gines.<br \/>\nMides: 19 x 13 cms.<\/p>\n","protected":false},"excerpt":{"rendered":"<p>Diversos autors. Editorial: FML i Publicacions de l&#8217;Abadia de Montserrat, Barcelona. Col\u00b7lecci\u00f3: Casa Museu Lloren\u00e7 Villalonga. Any d&#8217;edici\u00f3: 2003 Aquest volum recull les pon\u00e8ncies que s&#8217;exposaren durant la I Aula de Novel\u00b7la organitzada l&#8217;any 2000 per la Fundaci\u00f3 Casa Museu Lloren\u00e7 Villalonga amb la col\u00b7laboraci\u00f3 del Departament de Filologia Catalana i Ling\u00fc\u00edstica General de la [&hellip;]<\/p>\n","protected":false},"featured_media":151,"comment_status":"open","ping_status":"closed","template":"","meta":[],"product_brand":[],"product_cat":[21],"product_tag":[46],"class_list":{"0":"post-150","1":"product","2":"type-product","3":"status-publish","4":"has-post-thumbnail","6":"product_cat-bl","7":"product_tag-bl0010","9":"first","10":"instock","11":"shipping-taxable","12":"purchasable","13":"product-type-simple"},"_links":{"self":[{"href":"https:\/\/www.mallorcaliteraria.cat\/botiga\/wp-json\/wp\/v2\/product\/150","targetHints":{"allow":["GET"]}}],"collection":[{"href":"https:\/\/www.mallorcaliteraria.cat\/botiga\/wp-json\/wp\/v2\/product"}],"about":[{"href":"https:\/\/www.mallorcaliteraria.cat\/botiga\/wp-json\/wp\/v2\/types\/product"}],"replies":[{"embeddable":true,"href":"https:\/\/www.mallorcaliteraria.cat\/botiga\/wp-json\/wp\/v2\/comments?post=150"}],"wp:featuredmedia":[{"embeddable":true,"href":"https:\/\/www.mallorcaliteraria.cat\/botiga\/wp-json\/wp\/v2\/media\/151"}],"wp:attachment":[{"href":"https:\/\/www.mallorcaliteraria.cat\/botiga\/wp-json\/wp\/v2\/media?parent=150"}],"wp:term":[{"taxonomy":"product_brand","embeddable":true,"href":"https:\/\/www.mallorcaliteraria.cat\/botiga\/wp-json\/wp\/v2\/product_brand?post=150"},{"taxonomy":"product_cat","embeddable":true,"href":"https:\/\/www.mallorcaliteraria.cat\/botiga\/wp-json\/wp\/v2\/product_cat?post=150"},{"taxonomy":"product_tag","embeddable":true,"href":"https:\/\/www.mallorcaliteraria.cat\/botiga\/wp-json\/wp\/v2\/product_tag?post=150"}],"curies":[{"name":"wp","href":"https:\/\/api.w.org\/{rel}","templated":true}]}}

Llibre: &#8220;Bearn, entre la vida i la ficció&#8221;

<p>Diversos autors.<br />
Editorial: FML i Publicacions de l&#8217;Abadia de Montserrat, Barcelona.<br />
Col·lecció: Casa Museu Llorenç Villalonga.<br />
Any d&#8217;edició: 2003</p>
<p>Aquest volum recull les ponències que s&#8217;exposaren durant la I Aula de Novel·la organitzada l&#8217;any 2000 per la Fundació Casa Museu Llorenç Villalonga amb la col·laboració del Departament de Filologia Catalana i Lingüística General de la Universitat de les Illes Balears. El tema monogràfic del curs fou l&#8217;anàlisi de Bearn o la sala de les nines, l&#8217;obra cabdal de l&#8217;escriptor mallorquí Llorenç Villalonga.</p>
<p>Tapa tova, 157 pàgines.<br />
Mides: 19 x 13 cms.</p>

<p>Diversos autors. Editorial: FML i Publicacions de l&#8217;Abadia de Montserrat, Barcelona. Col·lecció: Casa Museu Llorenç Villalonga. Any d&#8217;edició: 2003 Aquest volum recull les ponències que s&#8217;exposaren durant la I Aula de Novel·la organitzada l&#8217;any 2000 per la Fundació Casa Museu Llorenç Villalonga amb la col·laboració del Departament de Filologia Catalana i Lingüística General de la [&hellip;]</p>
