{"id":158,"date":"2021-05-17T13:32:01","date_gmt":"2021-05-17T11:32:01","guid":{"rendered":"https:\/\/www.mallorcaliteraria.cat\/webNova\/botiga\/?post_type=product&#038;p=158"},"modified":"2025-05-21T13:57:40","modified_gmt":"2025-05-21T11:57:40","slug":"llibre-cartes-i-articles-temps-de-preguerra-1914-1936","status":"publish","type":"product","link":"https:\/\/www.mallorcaliteraria.cat\/botiga\/producte\/llibre-cartes-i-articles-temps-de-preguerra-1914-1936\/","title":{"rendered":"Llibre: &#8220;Cartes i articles. Temps de preguerra 1914-1936&#8221;"},"content":{"rendered":"<p>Autor\/a: Lloren\u00e7 Villalonga<br \/>\nEditorial: Moll, Palma.<br \/>\nCol\u00b7lecci\u00f3: Tomir, 34.<br \/>\nAny d&#8217;edici\u00f3: 1998<\/p>\n<p>Diversos autors sostenen que hi ha dues etapes diferenciades dins la vida de Lloren\u00e7 Villalonga: abans i despr\u00e9s de la lluita fraticida o, si es vol, abans i despr\u00e9s del seu matrimoni. El present volum recull cartes i articles de la primera d\u2019aquestes etapes: totes les cartes, publicades o in\u00e8dites, d\u2019abans del juliol de 1936; i una selecci\u00f3 de 70 articles, amb dos treballs inicials de 1914, firmats amb el pseud\u00f2nim Juan Antonio Cascabeles, sense continu\u00eftat. L\u2019epistolari -un total de trenta una comunicacions- ens presenten un Lloren\u00e7 Villalonga profundament hum\u00e0, vulnerable, capa\u00e7 d\u2019estimar les persones del seu entorn i de sofrir amb elles i per elles. Els destinataris d\u2019aquestes cartes, son: la fam\u00edlia Pons Tortella, oncles i cosins de Ma\u00f3, els amics escriptors Marius Verdaguer, Ernest M\u00aa Dethorey i Gabriel Alomar, el Dr. Andrea Gaspar i tres senyores de la societat ciutadana d\u2019avantguerre, per les quals el novel\u00b7lista mostra diferents graus d\u2019inter\u00e8s: Enriqueta Alb\u00e9niz, Conxa Riera i la nord-americana Eleanor Sackett. Els articles mostren que l\u2019activitat period\u00edstica de Lloren\u00e7 Villalonga sempre an\u00e0 lligada a la controv\u00e8rsia i la pol\u00e8mica; durant els anys 20 i 30 \u00e9s una lluita constant cap a la renovaci\u00f3 de la seva societat. La present tria vol oferir una panor\u00e0mica amb articles procedents de distintes publicacions mallorquines a les quals col\u00b7labor\u00e0:\u00a0La \u00daltima Hora, El D\u00eda, Ciutadania, Revista Balear de Medicina i Brisas.<\/p>\n<p>Tapa tova, 275 p\u00e0gines.<br \/>\nMides: 21,5 x 13,5 cms.   <\/p>\n","protected":false},"excerpt":{"rendered":"<p>Autor\/a: Lloren\u00e7 Villalonga Editorial: Moll, Palma. Col\u00b7lecci\u00f3: Tomir, 34. Any d&#8217;edici\u00f3: 1998 Diversos autors sostenen que hi ha dues etapes diferenciades dins la vida de Lloren\u00e7 Villalonga: abans i despr\u00e9s de la lluita fraticida o, si es vol, abans i despr\u00e9s del seu matrimoni. El present volum recull cartes i articles de la primera d\u2019aquestes [&hellip;]<\/p>\n","protected":false},"featured_media":159,"comment_status":"open","ping_status":"closed","template":"","meta":[],"product_brand":[],"product_cat":[21],"product_tag":[48],"class_list":{"0":"post-158","1":"product","2":"type-product","3":"status-publish","4":"has-post-thumbnail","6":"product_cat-bl","7":"product_tag-bl0014","9":"first","10":"instock","11":"shipping-taxable","12":"purchasable","13":"product-type-simple"},"_links":{"self":[{"href":"https:\/\/www.mallorcaliteraria.cat\/botiga\/wp-json\/wp\/v2\/product\/158","targetHints":{"allow":["GET"]}}],"collection":[{"href":"https:\/\/www.mallorcaliteraria.cat\/botiga\/wp-json\/wp\/v2\/product"}],"about":[{"href":"https:\/\/www.mallorcaliteraria.cat\/botiga\/wp-json\/wp\/v2\/types\/product"}],"replies":[{"embeddable":true,"href":"https:\/\/www.mallorcaliteraria.cat\/botiga\/wp-json\/wp\/v2\/comments?post=158"}],"wp:featuredmedia":[{"embeddable":true,"href":"https:\/\/www.mallorcaliteraria.cat\/botiga\/wp-json\/wp\/v2\/media\/159"}],"wp:attachment":[{"href":"https:\/\/www.mallorcaliteraria.cat\/botiga\/wp-json\/wp\/v2\/media?parent=158"}],"wp:term":[{"taxonomy":"product_brand","embeddable":true,"href":"https:\/\/www.mallorcaliteraria.cat\/botiga\/wp-json\/wp\/v2\/product_brand?post=158"},{"taxonomy":"product_cat","embeddable":true,"href":"https:\/\/www.mallorcaliteraria.cat\/botiga\/wp-json\/wp\/v2\/product_cat?post=158"},{"taxonomy":"product_tag","embeddable":true,"href":"https:\/\/www.mallorcaliteraria.cat\/botiga\/wp-json\/wp\/v2\/product_tag?post=158"}],"curies":[{"name":"wp","href":"https:\/\/api.w.org\/{rel}","templated":true}]}}

<p>Autor/a: Llorenç Villalonga<br />
Editorial: Moll, Palma.<br />
Col·lecció: Tomir, 34.<br />
Any d&#8217;edició: 1998</p>
<p>Diversos autors sostenen que hi ha dues etapes diferenciades dins la vida de Llorenç Villalonga: abans i després de la lluita fraticida o, si es vol, abans i després del seu matrimoni. El present volum recull cartes i articles de la primera d’aquestes etapes: totes les cartes, publicades o inèdites, d’abans del juliol de 1936; i una selecció de 70 articles, amb dos treballs inicials de 1914, firmats amb el pseudònim Juan Antonio Cascabeles, sense continuïtat. L’epistolari -un total de trenta una comunicacions- ens presenten un Llorenç Villalonga profundament humà, vulnerable, capaç d’estimar les persones del seu entorn i de sofrir amb elles i per elles. Els destinataris d’aquestes cartes, son: la família Pons Tortella, oncles i cosins de Maó, els amics escriptors Marius Verdaguer, Ernest Mª Dethorey i Gabriel Alomar, el Dr. Andrea Gaspar i tres senyores de la societat ciutadana d’avantguerre, per les quals el novel·lista mostra diferents graus d’interès: Enriqueta Albéniz, Conxa Riera i la nord-americana Eleanor Sackett. Els articles mostren que l’activitat periodística de Llorenç Villalonga sempre anà lligada a la controvèrsia i la polèmica; durant els anys 20 i 30 és una lluita constant cap a la renovació de la seva societat. La present tria vol oferir una panoràmica amb articles procedents de distintes publicacions mallorquines a les quals col·laborà: La Última Hora, El Día, Ciutadania, Revista Balear de Medicina i Brisas.</p>
<p>Tapa tova, 275 pàgines.<br />
Mides: 21,5 x 13,5 cms.   </p>

<p>Autor/a: Llorenç Villalonga Editorial: Moll, Palma. Col·lecció: Tomir, 34. Any d&#8217;edició: 1998 Diversos autors sostenen que hi ha dues etapes diferenciades dins la vida de Llorenç Villalonga: abans i després de la lluita fraticida o, si es vol, abans i després del seu matrimoni. El present volum recull cartes i articles de la primera d’aquestes [&hellip;]</p>
