{"id":165,"date":"2021-05-17T13:40:48","date_gmt":"2021-05-17T11:40:48","guid":{"rendered":"https:\/\/www.mallorcaliteraria.cat\/webNova\/botiga\/?post_type=product&#038;p=165"},"modified":"2025-05-21T13:57:29","modified_gmt":"2025-05-21T11:57:29","slug":"llibre-dels-qui-escriuen","status":"publish","type":"product","link":"https:\/\/www.mallorcaliteraria.cat\/botiga\/producte\/llibre-dels-qui-escriuen\/","title":{"rendered":"Llibre: &#8220;Dels qui escriuen&#8221;"},"content":{"rendered":"<p>Fotografies de Toni Catany. Textos de Miquel Bezares.<br \/>\nEditorial: Lunwerg, Barcelona, i Fundaci\u00f3 Casa Museu Lloren\u00e7 Villalonga, Binissalem.<br \/>\nAny d&#8217;edici\u00f3: 2002.<\/p>\n<p>Edici\u00f3 de la Fundaci\u00f3 Casa Museu Lloren\u00e7 Vilallonga amb motiu de l&#8217;exposici\u00f3 &#8220;Dels qui escriuen&#8221; (Binissalem, setembre de 2002). Recull de retrats fets per Catany (1967-1983), de notes d&#8217;homenatge i biobibliografies.<\/p>\n<p>Tapa dura, 137 p\u00e0gines.<br \/>\nMides: 25 x 18 cms.   <\/p>\n","protected":false},"excerpt":{"rendered":"<p>Fotografies de Toni Catany. Textos de Miquel Bezares. Editorial: Lunwerg, Barcelona, i Fundaci\u00f3 Casa Museu Lloren\u00e7 Villalonga, Binissalem. Any d&#8217;edici\u00f3: 2002. Edici\u00f3 de la Fundaci\u00f3 Casa Museu Lloren\u00e7 Vilallonga amb motiu de l&#8217;exposici\u00f3 &#8220;Dels qui escriuen&#8221; (Binissalem, setembre de 2002). Recull de retrats fets per Catany (1967-1983), de notes d&#8217;homenatge i biobibliografies. Tapa dura, 137 [&hellip;]<\/p>\n","protected":false},"featured_media":166,"comment_status":"open","ping_status":"closed","template":"","meta":[],"product_brand":[],"product_cat":[21],"product_tag":[50],"class_list":{"0":"post-165","1":"product","2":"type-product","3":"status-publish","4":"has-post-thumbnail","6":"product_cat-bl","7":"product_tag-bl0016","9":"first","10":"instock","11":"shipping-taxable","12":"purchasable","13":"product-type-simple"},"_links":{"self":[{"href":"https:\/\/www.mallorcaliteraria.cat\/botiga\/wp-json\/wp\/v2\/product\/165","targetHints":{"allow":["GET"]}}],"collection":[{"href":"https:\/\/www.mallorcaliteraria.cat\/botiga\/wp-json\/wp\/v2\/product"}],"about":[{"href":"https:\/\/www.mallorcaliteraria.cat\/botiga\/wp-json\/wp\/v2\/types\/product"}],"replies":[{"embeddable":true,"href":"https:\/\/www.mallorcaliteraria.cat\/botiga\/wp-json\/wp\/v2\/comments?post=165"}],"wp:featuredmedia":[{"embeddable":true,"href":"https:\/\/www.mallorcaliteraria.cat\/botiga\/wp-json\/wp\/v2\/media\/166"}],"wp:attachment":[{"href":"https:\/\/www.mallorcaliteraria.cat\/botiga\/wp-json\/wp\/v2\/media?parent=165"}],"wp:term":[{"taxonomy":"product_brand","embeddable":true,"href":"https:\/\/www.mallorcaliteraria.cat\/botiga\/wp-json\/wp\/v2\/product_brand?post=165"},{"taxonomy":"product_cat","embeddable":true,"href":"https:\/\/www.mallorcaliteraria.cat\/botiga\/wp-json\/wp\/v2\/product_cat?post=165"},{"taxonomy":"product_tag","embeddable":true,"href":"https:\/\/www.mallorcaliteraria.cat\/botiga\/wp-json\/wp\/v2\/product_tag?post=165"}],"curies":[{"name":"wp","href":"https:\/\/api.w.org\/{rel}","templated":true}]}}

<p>Fotografies de Toni Catany. Textos de Miquel Bezares.<br />
Editorial: Lunwerg, Barcelona, i Fundació Casa Museu Llorenç Villalonga, Binissalem.<br />
Any d&#8217;edició: 2002.</p>
<p>Edició de la Fundació Casa Museu Llorenç Vilallonga amb motiu de l&#8217;exposició &#8220;Dels qui escriuen&#8221; (Binissalem, setembre de 2002). Recull de retrats fets per Catany (1967-1983), de notes d&#8217;homenatge i biobibliografies.</p>
<p>Tapa dura, 137 pàgines.<br />
Mides: 25 x 18 cms.   </p>

<p>Fotografies de Toni Catany. Textos de Miquel Bezares. Editorial: Lunwerg, Barcelona, i Fundació Casa Museu Llorenç Villalonga, Binissalem. Any d&#8217;edició: 2002. Edició de la Fundació Casa Museu Llorenç Vilallonga amb motiu de l&#8217;exposició &#8220;Dels qui escriuen&#8221; (Binissalem, setembre de 2002). Recull de retrats fets per Catany (1967-1983), de notes d&#8217;homenatge i biobibliografies. Tapa dura, 137 [&hellip;]</p>
