{"id":168,"date":"2021-05-17T13:46:52","date_gmt":"2021-05-17T11:46:52","guid":{"rendered":"https:\/\/www.mallorcaliteraria.cat\/webNova\/botiga\/?post_type=product&#038;p=168"},"modified":"2025-05-21T13:56:26","modified_gmt":"2025-05-21T11:56:26","slug":"llibre-desenllac-a-monlleo","status":"publish","type":"product","link":"https:\/\/www.mallorcaliteraria.cat\/botiga\/producte\/llibre-desenllac-a-monlleo\/","title":{"rendered":"Llibre: &#8220;Desenlla\u00e7 a Monlle\u00f3&#8221;"},"content":{"rendered":"<p>Autor\/a: Lloren\u00e7 Villalonga<br \/>\nEditorial: El Club Editor, Barcelona.<br \/>\nCol\u00b7lecci\u00f3: El club dels novel\u00b7listes.<br \/>\nAny d&#8217;edici\u00f3: 1995.<\/p>\n<p>A &#8220;Desenlla\u00e7 a Montlle\u00f3&#8221;, el lector va de sorpresa en sopresa, arrossegat per un humorime molt del nostre temps a trav\u00e9s de situacions inesperades; i al llarg d&#8217;aquesta mena de ballet en qu\u00e8 el fant\u00e0stic, el c\u00f2mic i el dram\u00e0tic es donen les mans, va apuntant el tema del gran novel\u00b7lista mallorqu\u00ed: la decad\u00e8ncia d&#8217;un m\u00f3n refinat, anacr\u00f2nic i estimat.<\/p>\n<p>Tapa tova, 195 p\u00e0gines.<br \/>\nMides: 20,5 x 13,5 cms.<\/p>\n","protected":false},"excerpt":{"rendered":"<p>Autor\/a: Lloren\u00e7 Villalonga Editorial: El Club Editor, Barcelona. Col\u00b7lecci\u00f3: El club dels novel\u00b7listes. Any d&#8217;edici\u00f3: 1995. A &#8220;Desenlla\u00e7 a Montlle\u00f3&#8221;, el lector va de sorpresa en sopresa, arrossegat per un humorime molt del nostre temps a trav\u00e9s de situacions inesperades; i al llarg d&#8217;aquesta mena de ballet en qu\u00e8 el fant\u00e0stic, el c\u00f2mic i el [&hellip;]<\/p>\n","protected":false},"featured_media":169,"comment_status":"open","ping_status":"closed","template":"","meta":[],"product_brand":[],"product_cat":[21],"product_tag":[51],"class_list":{"0":"post-168","1":"product","2":"type-product","3":"status-publish","4":"has-post-thumbnail","6":"product_cat-bl","7":"product_tag-bl0017","9":"first","10":"instock","11":"shipping-taxable","12":"purchasable","13":"product-type-simple"},"_links":{"self":[{"href":"https:\/\/www.mallorcaliteraria.cat\/botiga\/wp-json\/wp\/v2\/product\/168","targetHints":{"allow":["GET"]}}],"collection":[{"href":"https:\/\/www.mallorcaliteraria.cat\/botiga\/wp-json\/wp\/v2\/product"}],"about":[{"href":"https:\/\/www.mallorcaliteraria.cat\/botiga\/wp-json\/wp\/v2\/types\/product"}],"replies":[{"embeddable":true,"href":"https:\/\/www.mallorcaliteraria.cat\/botiga\/wp-json\/wp\/v2\/comments?post=168"}],"wp:featuredmedia":[{"embeddable":true,"href":"https:\/\/www.mallorcaliteraria.cat\/botiga\/wp-json\/wp\/v2\/media\/169"}],"wp:attachment":[{"href":"https:\/\/www.mallorcaliteraria.cat\/botiga\/wp-json\/wp\/v2\/media?parent=168"}],"wp:term":[{"taxonomy":"product_brand","embeddable":true,"href":"https:\/\/www.mallorcaliteraria.cat\/botiga\/wp-json\/wp\/v2\/product_brand?post=168"},{"taxonomy":"product_cat","embeddable":true,"href":"https:\/\/www.mallorcaliteraria.cat\/botiga\/wp-json\/wp\/v2\/product_cat?post=168"},{"taxonomy":"product_tag","embeddable":true,"href":"https:\/\/www.mallorcaliteraria.cat\/botiga\/wp-json\/wp\/v2\/product_tag?post=168"}],"curies":[{"name":"wp","href":"https:\/\/api.w.org\/{rel}","templated":true}]}}