{"id":173,"date":"2021-05-17T13:50:27","date_gmt":"2021-05-17T11:50:27","guid":{"rendered":"https:\/\/www.mallorcaliteraria.cat\/webNova\/botiga\/?post_type=product&#038;p=173"},"modified":"2025-05-21T13:56:03","modified_gmt":"2025-05-21T11:56:03","slug":"llibre-el-meu-llorenc-villalonga","status":"publish","type":"product","link":"https:\/\/www.mallorcaliteraria.cat\/botiga\/producte\/llibre-el-meu-llorenc-villalonga\/","title":{"rendered":"Llibre: &#8220;El meu Lloren\u00e7 Villalonga&#8221;"},"content":{"rendered":"<p>Autor\/a: Jaume Pomar.<br \/>\nEditorial: Moll, Palma.<br \/>\nCol\u00b7lecci\u00f3: Raixa.<br \/>\nAny d&#8217;edici\u00f3: 1995.<\/p>\n<p>Jaume Pomar va estudiar l\u2019obra dels dissidents de l\u2019Escola Mallorquina, i especialment Lloren\u00e7 Villalonga, amb el qual va mantenir una llarga relaci\u00f3 amistosa i liter\u00e0ria no exempta d\u2019enfrontaments. Aquestes experi\u00e8ncies personals -que tenen la frescor del testimoni d\u2019una cosa viscuda-, juntament amb l\u2019estudi profund de l\u2019obra de Lloren\u00e7 Villalonga, donen peu a aquest llibre.<\/p>\n<p>Tapa tova, 144 p\u00e0gines.<br \/>\nMides: 18 x 11,5 cms.<\/p>\n","protected":false},"excerpt":{"rendered":"<p>Autor\/a: Jaume Pomar. Editorial: Moll, Palma. Col\u00b7lecci\u00f3: Raixa. Any d&#8217;edici\u00f3: 1995. Jaume Pomar va estudiar l\u2019obra dels dissidents de l\u2019Escola Mallorquina, i especialment Lloren\u00e7 Villalonga, amb el qual va mantenir una llarga relaci\u00f3 amistosa i liter\u00e0ria no exempta d\u2019enfrontaments. Aquestes experi\u00e8ncies personals -que tenen la frescor del testimoni d\u2019una cosa viscuda-, juntament amb l\u2019estudi profund [&hellip;]<\/p>\n","protected":false},"featured_media":174,"comment_status":"open","ping_status":"closed","template":"","meta":[],"product_brand":[],"product_cat":[21],"product_tag":[52],"class_list":{"0":"post-173","1":"product","2":"type-product","3":"status-publish","4":"has-post-thumbnail","6":"product_cat-bl","7":"product_tag-bl0018","9":"first","10":"outofstock","11":"shipping-taxable","12":"purchasable","13":"product-type-simple"},"_links":{"self":[{"href":"https:\/\/www.mallorcaliteraria.cat\/botiga\/wp-json\/wp\/v2\/product\/173","targetHints":{"allow":["GET"]}}],"collection":[{"href":"https:\/\/www.mallorcaliteraria.cat\/botiga\/wp-json\/wp\/v2\/product"}],"about":[{"href":"https:\/\/www.mallorcaliteraria.cat\/botiga\/wp-json\/wp\/v2\/types\/product"}],"replies":[{"embeddable":true,"href":"https:\/\/www.mallorcaliteraria.cat\/botiga\/wp-json\/wp\/v2\/comments?post=173"}],"wp:featuredmedia":[{"embeddable":true,"href":"https:\/\/www.mallorcaliteraria.cat\/botiga\/wp-json\/wp\/v2\/media\/174"}],"wp:attachment":[{"href":"https:\/\/www.mallorcaliteraria.cat\/botiga\/wp-json\/wp\/v2\/media?parent=173"}],"wp:term":[{"taxonomy":"product_brand","embeddable":true,"href":"https:\/\/www.mallorcaliteraria.cat\/botiga\/wp-json\/wp\/v2\/product_brand?post=173"},{"taxonomy":"product_cat","embeddable":true,"href":"https:\/\/www.mallorcaliteraria.cat\/botiga\/wp-json\/wp\/v2\/product_cat?post=173"},{"taxonomy":"product_tag","embeddable":true,"href":"https:\/\/www.mallorcaliteraria.cat\/botiga\/wp-json\/wp\/v2\/product_tag?post=173"}],"curies":[{"name":"wp","href":"https:\/\/api.w.org\/{rel}","templated":true}]}}