{"id":195,"date":"2021-05-17T14:43:49","date_gmt":"2021-05-17T12:43:49","guid":{"rendered":"https:\/\/www.mallorcaliteraria.cat\/webNova\/botiga\/?post_type=product&#038;p=195"},"modified":"2025-05-21T13:55:11","modified_gmt":"2025-05-21T11:55:11","slug":"llibre-epistolario-intimo-de-madame-erard","status":"publish","type":"product","link":"https:\/\/www.mallorcaliteraria.cat\/botiga\/producte\/llibre-epistolario-intimo-de-madame-erard\/","title":{"rendered":"Llibre: &#8220;Epistolario \u00edntimo de Madame Erard&#8221;"},"content":{"rendered":"<p>Autor\/a: Lloren\u00e7 Villalonga<br \/>\nEditorial: Estudi General Lul\u00b7li\u00e0, Palma.<br \/>\nCol\u00b7lecci\u00f3: Textos i documents.<br \/>\nAny d&#8217;edici\u00f3: 1997<\/p>\n<p>El 20 de febrer de 1947, en el diari &#8220;Baleares&#8221; Lloren\u00e7 Villalonga al\u00b7ludeix per primera vegada al Epistolario \u00edntimo de Mme. Erard, escrit amb la col\u00b7laboraci\u00f3 de Mar\u00eda Alfaro, traductora, assagista, novel\u00b7lista i poeta com ell mateix. Mar\u00eda vol que l&#8217;epistolari tengui constantment risc personal, per\u00f2 Lloren\u00e7 pret\u00e9 que sigui la fixaci\u00f3 d&#8217;una \u00e8poca i el seu ambient.<\/p>\n<p>Tapa tova, 162 p\u00e0gines.<br \/>\nMides: 21 x 15 cms.<\/p>\n","protected":false},"excerpt":{"rendered":"<p>Autor\/a: Lloren\u00e7 Villalonga Editorial: Estudi General Lul\u00b7li\u00e0, Palma. Col\u00b7lecci\u00f3: Textos i documents. Any d&#8217;edici\u00f3: 1997 El 20 de febrer de 1947, en el diari &#8220;Baleares&#8221; Lloren\u00e7 Villalonga al\u00b7ludeix per primera vegada al Epistolario \u00edntimo de Mme. Erard, escrit amb la col\u00b7laboraci\u00f3 de Mar\u00eda Alfaro, traductora, assagista, novel\u00b7lista i poeta com ell mateix. Mar\u00eda vol que [&hellip;]<\/p>\n","protected":false},"featured_media":196,"comment_status":"open","ping_status":"closed","template":"","meta":[],"product_brand":[],"product_cat":[21],"product_tag":[58],"class_list":{"0":"post-195","1":"product","2":"type-product","3":"status-publish","4":"has-post-thumbnail","6":"product_cat-bl","7":"product_tag-bl0023","9":"first","10":"instock","11":"shipping-taxable","12":"purchasable","13":"product-type-simple"},"_links":{"self":[{"href":"https:\/\/www.mallorcaliteraria.cat\/botiga\/wp-json\/wp\/v2\/product\/195","targetHints":{"allow":["GET"]}}],"collection":[{"href":"https:\/\/www.mallorcaliteraria.cat\/botiga\/wp-json\/wp\/v2\/product"}],"about":[{"href":"https:\/\/www.mallorcaliteraria.cat\/botiga\/wp-json\/wp\/v2\/types\/product"}],"replies":[{"embeddable":true,"href":"https:\/\/www.mallorcaliteraria.cat\/botiga\/wp-json\/wp\/v2\/comments?post=195"}],"wp:featuredmedia":[{"embeddable":true,"href":"https:\/\/www.mallorcaliteraria.cat\/botiga\/wp-json\/wp\/v2\/media\/196"}],"wp:attachment":[{"href":"https:\/\/www.mallorcaliteraria.cat\/botiga\/wp-json\/wp\/v2\/media?parent=195"}],"wp:term":[{"taxonomy":"product_brand","embeddable":true,"href":"https:\/\/www.mallorcaliteraria.cat\/botiga\/wp-json\/wp\/v2\/product_brand?post=195"},{"taxonomy":"product_cat","embeddable":true,"href":"https:\/\/www.mallorcaliteraria.cat\/botiga\/wp-json\/wp\/v2\/product_cat?post=195"},{"taxonomy":"product_tag","embeddable":true,"href":"https:\/\/www.mallorcaliteraria.cat\/botiga\/wp-json\/wp\/v2\/product_tag?post=195"}],"curies":[{"name":"wp","href":"https:\/\/api.w.org\/{rel}","templated":true}]}}

Llibre: &#8220;Epistolario íntimo de Madame Erard&#8221;

<p>Autor/a: Llorenç Villalonga<br />
Editorial: Estudi General Lul·lià, Palma.<br />
Col·lecció: Textos i documents.<br />
Any d&#8217;edició: 1997</p>
<p>El 20 de febrer de 1947, en el diari &#8220;Baleares&#8221; Llorenç Villalonga al·ludeix per primera vegada al Epistolario íntimo de Mme. Erard, escrit amb la col·laboració de María Alfaro, traductora, assagista, novel·lista i poeta com ell mateix. María vol que l&#8217;epistolari tengui constantment risc personal, però Llorenç preté que sigui la fixació d&#8217;una època i el seu ambient.</p>
<p>Tapa tova, 162 pàgines.<br />
Mides: 21 x 15 cms.</p>

<p>Autor/a: Llorenç Villalonga Editorial: Estudi General Lul·lià, Palma. Col·lecció: Textos i documents. Any d&#8217;edició: 1997 El 20 de febrer de 1947, en el diari &#8220;Baleares&#8221; Llorenç Villalonga al·ludeix per primera vegada al Epistolario íntimo de Mme. Erard, escrit amb la col·laboració de María Alfaro, traductora, assagista, novel·lista i poeta com ell mateix. María vol que [&hellip;]</p>
