{"id":208,"date":"2021-05-17T15:30:54","date_gmt":"2021-05-17T13:30:54","guid":{"rendered":"https:\/\/www.mallorcaliteraria.cat\/webNova\/botiga\/?post_type=product&#038;p=208"},"modified":"2025-05-21T13:54:34","modified_gmt":"2025-05-21T11:54:34","slug":"llibre-falses-memories","status":"publish","type":"product","link":"https:\/\/www.mallorcaliteraria.cat\/botiga\/producte\/llibre-falses-memories\/","title":{"rendered":"Llibre: &#8220;Falses mem\u00f2ries&#8221;"},"content":{"rendered":"<p>Autor\/a: Lloren\u00e7 Villalonga.<br \/>\nEditorial: El Club Editor, Barcelona.<br \/>\nAny d&#8217;edici\u00f3: 1982<\/p>\n<p>Lloren\u00e7 Villalonga ens va donar amb aquestes FALSES MEM\u00d2RIES unes confessions que &#8220;al rev\u00e9s de les de Rousseau aspiren a ser tingudes per falses&#8221;. Totes les precaucions hi foren preses perqu\u00e8 ning\u00fa no s&#8217;hi pigu\u00e9s pretendre al\u00b7ludit: no sols es proclamaven &#8220;falses&#8221;, sni\u00f3 que a m\u00e9s s&#8217;atribu\u00efen a un tal Salvador Orlan. No importa que alguna de les idees que l&#8217;autor hi exposava resultin bon xic desconcertants per contradict\u00f2ries: &#8220;els uns em tindran per carca i els altres per futurista&#8221;, ja preveia ell mateix. Irreductible a qualsevol classificaci\u00f3 simplista, Lloren\u00e7 Villalonga \u00e9s ell i res m\u00e9s que ell; i ara, a m\u00e9s, &#8220;tel. qu&#8217;en lui-m\u00eame enfin d&#8217;eternit\u00e9 le change&#8221;<\/p>\n<p>Tapa dura, 239p\u00e0gines.<br \/>\nMides: 19 x 13,5 cms.<\/p>\n","protected":false},"excerpt":{"rendered":"<p>Autor\/a: Lloren\u00e7 Villalonga. Editorial: El Club Editor, Barcelona. Any d&#8217;edici\u00f3: 1982 Lloren\u00e7 Villalonga ens va donar amb aquestes FALSES MEM\u00d2RIES unes confessions que &#8220;al rev\u00e9s de les de Rousseau aspiren a ser tingudes per falses&#8221;. Totes les precaucions hi foren preses perqu\u00e8 ning\u00fa no s&#8217;hi pigu\u00e9s pretendre al\u00b7ludit: no sols es proclamaven &#8220;falses&#8221;, sni\u00f3 que [&hellip;]<\/p>\n","protected":false},"featured_media":209,"comment_status":"open","ping_status":"closed","template":"","meta":[],"product_brand":[],"product_cat":[21],"product_tag":[61],"class_list":{"0":"post-208","1":"product","2":"type-product","3":"status-publish","4":"has-post-thumbnail","6":"product_cat-bl","7":"product_tag-bl0026","9":"first","10":"instock","11":"shipping-taxable","12":"purchasable","13":"product-type-simple"},"_links":{"self":[{"href":"https:\/\/www.mallorcaliteraria.cat\/botiga\/wp-json\/wp\/v2\/product\/208","targetHints":{"allow":["GET"]}}],"collection":[{"href":"https:\/\/www.mallorcaliteraria.cat\/botiga\/wp-json\/wp\/v2\/product"}],"about":[{"href":"https:\/\/www.mallorcaliteraria.cat\/botiga\/wp-json\/wp\/v2\/types\/product"}],"replies":[{"embeddable":true,"href":"https:\/\/www.mallorcaliteraria.cat\/botiga\/wp-json\/wp\/v2\/comments?post=208"}],"wp:featuredmedia":[{"embeddable":true,"href":"https:\/\/www.mallorcaliteraria.cat\/botiga\/wp-json\/wp\/v2\/media\/209"}],"wp:attachment":[{"href":"https:\/\/www.mallorcaliteraria.cat\/botiga\/wp-json\/wp\/v2\/media?parent=208"}],"wp:term":[{"taxonomy":"product_brand","embeddable":true,"href":"https:\/\/www.mallorcaliteraria.cat\/botiga\/wp-json\/wp\/v2\/product_brand?post=208"},{"taxonomy":"product_cat","embeddable":true,"href":"https:\/\/www.mallorcaliteraria.cat\/botiga\/wp-json\/wp\/v2\/product_cat?post=208"},{"taxonomy":"product_tag","embeddable":true,"href":"https:\/\/www.mallorcaliteraria.cat\/botiga\/wp-json\/wp\/v2\/product_tag?post=208"}],"curies":[{"name":"wp","href":"https:\/\/api.w.org\/{rel}","templated":true}]}}

Llibre: &#8220;Falses memòries&#8221;

<p>Autor/a: Llorenç Villalonga.<br />
Editorial: El Club Editor, Barcelona.<br />
Any d&#8217;edició: 1982</p>
<p>Llorenç Villalonga ens va donar amb aquestes FALSES MEMÒRIES unes confessions que &#8220;al revés de les de Rousseau aspiren a ser tingudes per falses&#8221;. Totes les precaucions hi foren preses perquè ningú no s&#8217;hi pigués pretendre al·ludit: no sols es proclamaven &#8220;falses&#8221;, snió que a més s&#8217;atribuïen a un tal Salvador Orlan. No importa que alguna de les idees que l&#8217;autor hi exposava resultin bon xic desconcertants per contradictòries: &#8220;els uns em tindran per carca i els altres per futurista&#8221;, ja preveia ell mateix. Irreductible a qualsevol classificació simplista, Llorenç Villalonga és ell i res més que ell; i ara, a més, &#8220;tel. qu&#8217;en lui-même enfin d&#8217;eternité le change&#8221;</p>
<p>Tapa dura, 239pàgines.<br />
Mides: 19 x 13,5 cms.</p>

<p>Autor/a: Llorenç Villalonga. Editorial: El Club Editor, Barcelona. Any d&#8217;edició: 1982 Llorenç Villalonga ens va donar amb aquestes FALSES MEMÒRIES unes confessions que &#8220;al revés de les de Rousseau aspiren a ser tingudes per falses&#8221;. Totes les precaucions hi foren preses perquè ningú no s&#8217;hi pigués pretendre al·ludit: no sols es proclamaven &#8220;falses&#8221;, snió que [&hellip;]</p>
