{"id":212,"date":"2021-05-18T09:17:48","date_gmt":"2021-05-18T07:17:48","guid":{"rendered":"https:\/\/www.mallorcaliteraria.cat\/botiga\/?post_type=product&#038;p=212"},"modified":"2025-05-21T13:54:23","modified_gmt":"2025-05-21T11:54:23","slug":"llibre-faust","status":"publish","type":"product","link":"https:\/\/www.mallorcaliteraria.cat\/botiga\/producte\/llibre-faust\/","title":{"rendered":"Llibre: &#8220;Faust&#8221;"},"content":{"rendered":"<p>Autor\/a: Lloren\u00e7 Villalonga.<br \/>\nEditorial: Moll, Palma.<br \/>\nCol\u00b7lecci\u00f3: Raixa.<br \/>\nAny d&#8217;edici\u00f3: 1997<\/p>\n<p>Faust \u00e9s una trag\u00e8dia a la manera neocl\u00e0ssica, \u00e9s a dir, fidel a la regla de les tres unitats de temps, lloc i acci\u00f3, que exigia la ret\u00f2rica del segle XVII. Faust \u00e9s, sobretot, simbologia. Preludia la cat\u00e0strofe del cientifisme i de la intel\u00b7lig\u00e8ncia -una tesi molt desenvolupada al llarg de la seva obra-.Tanmanteix el m\u00f3n de Villalonga \u00e9s nom\u00e9s el seu m\u00f3n, el de la seva creaci\u00f3.<\/p>\n<p>Tapa tova, 132 p\u00e0gines.<br \/>\nMides: 15 x 11 cms.<\/p>\n","protected":false},"excerpt":{"rendered":"<p>Autor\/a: Lloren\u00e7 Villalonga. Editorial: Moll, Palma. Col\u00b7lecci\u00f3: Raixa. Any d&#8217;edici\u00f3: 1997 Faust \u00e9s una trag\u00e8dia a la manera neocl\u00e0ssica, \u00e9s a dir, fidel a la regla de les tres unitats de temps, lloc i acci\u00f3, que exigia la ret\u00f2rica del segle XVII. Faust \u00e9s, sobretot, simbologia. Preludia la cat\u00e0strofe del cientifisme i de la intel\u00b7lig\u00e8ncia [&hellip;]<\/p>\n","protected":false},"featured_media":213,"comment_status":"open","ping_status":"closed","template":"","meta":[],"product_brand":[],"product_cat":[21],"product_tag":[62],"class_list":{"0":"post-212","1":"product","2":"type-product","3":"status-publish","4":"has-post-thumbnail","6":"product_cat-bl","7":"product_tag-bl0027","9":"first","10":"instock","11":"shipping-taxable","12":"purchasable","13":"product-type-simple"},"_links":{"self":[{"href":"https:\/\/www.mallorcaliteraria.cat\/botiga\/wp-json\/wp\/v2\/product\/212","targetHints":{"allow":["GET"]}}],"collection":[{"href":"https:\/\/www.mallorcaliteraria.cat\/botiga\/wp-json\/wp\/v2\/product"}],"about":[{"href":"https:\/\/www.mallorcaliteraria.cat\/botiga\/wp-json\/wp\/v2\/types\/product"}],"replies":[{"embeddable":true,"href":"https:\/\/www.mallorcaliteraria.cat\/botiga\/wp-json\/wp\/v2\/comments?post=212"}],"wp:featuredmedia":[{"embeddable":true,"href":"https:\/\/www.mallorcaliteraria.cat\/botiga\/wp-json\/wp\/v2\/media\/213"}],"wp:attachment":[{"href":"https:\/\/www.mallorcaliteraria.cat\/botiga\/wp-json\/wp\/v2\/media?parent=212"}],"wp:term":[{"taxonomy":"product_brand","embeddable":true,"href":"https:\/\/www.mallorcaliteraria.cat\/botiga\/wp-json\/wp\/v2\/product_brand?post=212"},{"taxonomy":"product_cat","embeddable":true,"href":"https:\/\/www.mallorcaliteraria.cat\/botiga\/wp-json\/wp\/v2\/product_cat?post=212"},{"taxonomy":"product_tag","embeddable":true,"href":"https:\/\/www.mallorcaliteraria.cat\/botiga\/wp-json\/wp\/v2\/product_tag?post=212"}],"curies":[{"name":"wp","href":"https:\/\/api.w.org\/{rel}","templated":true}]}}

<p>Autor/a: Llorenç Villalonga.<br />
Editorial: Moll, Palma.<br />
Col·lecció: Raixa.<br />
Any d&#8217;edició: 1997</p>
<p>Faust és una tragèdia a la manera neoclàssica, és a dir, fidel a la regla de les tres unitats de temps, lloc i acció, que exigia la retòrica del segle XVII. Faust és, sobretot, simbologia. Preludia la catàstrofe del cientifisme i de la intel·ligència -una tesi molt desenvolupada al llarg de la seva obra-.Tanmanteix el món de Villalonga és només el seu món, el de la seva creació.</p>
<p>Tapa tova, 132 pàgines.<br />
Mides: 15 x 11 cms.</p>

<p>Autor/a: Llorenç Villalonga. Editorial: Moll, Palma. Col·lecció: Raixa. Any d&#8217;edició: 1997 Faust és una tragèdia a la manera neoclàssica, és a dir, fidel a la regla de les tres unitats de temps, lloc i acció, que exigia la retòrica del segle XVII. Faust és, sobretot, simbologia. Preludia la catàstrofe del cientifisme i de la intel·ligència [&hellip;]</p>
