{"id":216,"date":"2021-05-18T09:21:30","date_gmt":"2021-05-18T07:21:30","guid":{"rendered":"https:\/\/www.mallorcaliteraria.cat\/botiga\/?post_type=product&#038;p=216"},"modified":"2025-05-21T13:53:32","modified_gmt":"2025-05-21T11:53:32","slug":"llibre-fotobiografia-de-maria-villangomez","status":"publish","type":"product","link":"https:\/\/www.mallorcaliteraria.cat\/botiga\/producte\/llibre-fotobiografia-de-maria-villangomez\/","title":{"rendered":"Llibre: &#8220;Fotobiografia de  Mari\u00e0 Villang\u00f3mez&#8221;"},"content":{"rendered":"<p>Autor\/a: Francesc Amengual<br \/>\nEditorial: Moll, Palma.<br \/>\nAny d&#8217;edici\u00f3: 1995<\/p>\n<p>Mari\u00e0 Villang\u00f3mez Llobet va n\u00e9ixer en una fam\u00edlia de metges i farmac\u00e8utics, per\u00f2 de jove es va decantar per l&#8217;estudi de les lletres.\u00a0Aquest \u00e9s un recull de fotografies de la seva vida.<\/p>\n<p>Tapa tova, 130 p\u00e0gines.<br \/>\nMides: 29,5 x 21,5 cms.<\/p>\n","protected":false},"excerpt":{"rendered":"<p>Autor\/a: Francesc Amengual Editorial: Moll, Palma. Any d&#8217;edici\u00f3: 1995 Mari\u00e0 Villang\u00f3mez Llobet va n\u00e9ixer en una fam\u00edlia de metges i farmac\u00e8utics, per\u00f2 de jove es va decantar per l&#8217;estudi de les lletres.\u00a0Aquest \u00e9s un recull de fotografies de la seva vida. Tapa tova, 130 p\u00e0gines. Mides: 29,5 x 21,5 cms.<\/p>\n","protected":false},"featured_media":217,"comment_status":"open","ping_status":"closed","template":"","meta":[],"product_brand":[],"product_cat":[21],"product_tag":[63],"class_list":{"0":"post-216","1":"product","2":"type-product","3":"status-publish","4":"has-post-thumbnail","6":"product_cat-bl","7":"product_tag-bl0028","9":"first","10":"instock","11":"shipping-taxable","12":"product-type-simple"},"_links":{"self":[{"href":"https:\/\/www.mallorcaliteraria.cat\/botiga\/wp-json\/wp\/v2\/product\/216","targetHints":{"allow":["GET"]}}],"collection":[{"href":"https:\/\/www.mallorcaliteraria.cat\/botiga\/wp-json\/wp\/v2\/product"}],"about":[{"href":"https:\/\/www.mallorcaliteraria.cat\/botiga\/wp-json\/wp\/v2\/types\/product"}],"replies":[{"embeddable":true,"href":"https:\/\/www.mallorcaliteraria.cat\/botiga\/wp-json\/wp\/v2\/comments?post=216"}],"wp:featuredmedia":[{"embeddable":true,"href":"https:\/\/www.mallorcaliteraria.cat\/botiga\/wp-json\/wp\/v2\/media\/217"}],"wp:attachment":[{"href":"https:\/\/www.mallorcaliteraria.cat\/botiga\/wp-json\/wp\/v2\/media?parent=216"}],"wp:term":[{"taxonomy":"product_brand","embeddable":true,"href":"https:\/\/www.mallorcaliteraria.cat\/botiga\/wp-json\/wp\/v2\/product_brand?post=216"},{"taxonomy":"product_cat","embeddable":true,"href":"https:\/\/www.mallorcaliteraria.cat\/botiga\/wp-json\/wp\/v2\/product_cat?post=216"},{"taxonomy":"product_tag","embeddable":true,"href":"https:\/\/www.mallorcaliteraria.cat\/botiga\/wp-json\/wp\/v2\/product_tag?post=216"}],"curies":[{"name":"wp","href":"https:\/\/api.w.org\/{rel}","templated":true}]}}

Llibre: &#8220;Fotobiografia de  Marià Villangómez&#8221;

<p>Autor/a: Francesc Amengual<br />
Editorial: Moll, Palma.<br />
Any d&#8217;edició: 1995</p>
<p>Marià Villangómez Llobet va néixer en una família de metges i farmacèutics, però de jove es va decantar per l&#8217;estudi de les lletres. Aquest és un recull de fotografies de la seva vida.</p>
<p>Tapa tova, 130 pàgines.<br />
Mides: 29,5 x 21,5 cms.</p>

<p>Autor/a: Francesc Amengual Editorial: Moll, Palma. Any d&#8217;edició: 1995 Marià Villangómez Llobet va néixer en una família de metges i farmacèutics, però de jove es va decantar per l&#8217;estudi de les lletres. Aquest és un recull de fotografies de la seva vida. Tapa tova, 130 pàgines. Mides: 29,5 x 21,5 cms.</p>
