{"id":219,"date":"2021-05-18T09:25:59","date_gmt":"2021-05-18T07:25:59","guid":{"rendered":"https:\/\/www.mallorcaliteraria.cat\/botiga\/?post_type=product&#038;p=219"},"modified":"2025-05-21T13:53:24","modified_gmt":"2025-05-21T11:53:24","slug":"llibre-damia-huguet-home-de-call-vermell","status":"publish","type":"product","link":"https:\/\/www.mallorcaliteraria.cat\/botiga\/producte\/llibre-damia-huguet-home-de-call-vermell\/","title":{"rendered":"Llibre: &#8220;Dami\u00e0 Huguet. Home de call vermell&#8221;"},"content":{"rendered":"<p>Diversos autors<br \/>\nA cura de Biel Huguet i Montserrat Alcaraz.<br \/>\nEditorial: Di7 Edicions, Binissalem.<br \/>\nAny d&#8217;edici\u00f3: 1999.<\/p>\n<p>Aquest llibre vol ser un record i un homenatge a Dami\u00e0 Huguet i Roig, un autor inquiet i polifac\u00e8tic, un home honest i comprom\u00e8s, un apassionat per la terra i per la vida. A les p\u00e0gines d&#8217;aquest llibre s&#8217;hi combinen fotografies i versos seus amb escrits d&#8217;amics i estudiosos, fent aix\u00ed el retrat d&#8217;un dels grans autors mallorquins contemporanis.<\/p>\n<p>Tapa dura, 149 p\u00e0gines.<br \/>\nMides: 21,5 x 22,5 cms.<\/p>\n","protected":false},"excerpt":{"rendered":"<p>Diversos autors A cura de Biel Huguet i Montserrat Alcaraz. Editorial: Di7 Edicions, Binissalem. Any d&#8217;edici\u00f3: 1999. Aquest llibre vol ser un record i un homenatge a Dami\u00e0 Huguet i Roig, un autor inquiet i polifac\u00e8tic, un home honest i comprom\u00e8s, un apassionat per la terra i per la vida. A les p\u00e0gines d&#8217;aquest llibre [&hellip;]<\/p>\n","protected":false},"featured_media":220,"comment_status":"open","ping_status":"closed","template":"","meta":[],"product_brand":[],"product_cat":[21],"product_tag":[64],"class_list":{"0":"post-219","1":"product","2":"type-product","3":"status-publish","4":"has-post-thumbnail","6":"product_cat-bl","7":"product_tag-bl0029","9":"first","10":"instock","11":"shipping-taxable","12":"purchasable","13":"product-type-simple"},"_links":{"self":[{"href":"https:\/\/www.mallorcaliteraria.cat\/botiga\/wp-json\/wp\/v2\/product\/219","targetHints":{"allow":["GET"]}}],"collection":[{"href":"https:\/\/www.mallorcaliteraria.cat\/botiga\/wp-json\/wp\/v2\/product"}],"about":[{"href":"https:\/\/www.mallorcaliteraria.cat\/botiga\/wp-json\/wp\/v2\/types\/product"}],"replies":[{"embeddable":true,"href":"https:\/\/www.mallorcaliteraria.cat\/botiga\/wp-json\/wp\/v2\/comments?post=219"}],"wp:featuredmedia":[{"embeddable":true,"href":"https:\/\/www.mallorcaliteraria.cat\/botiga\/wp-json\/wp\/v2\/media\/220"}],"wp:attachment":[{"href":"https:\/\/www.mallorcaliteraria.cat\/botiga\/wp-json\/wp\/v2\/media?parent=219"}],"wp:term":[{"taxonomy":"product_brand","embeddable":true,"href":"https:\/\/www.mallorcaliteraria.cat\/botiga\/wp-json\/wp\/v2\/product_brand?post=219"},{"taxonomy":"product_cat","embeddable":true,"href":"https:\/\/www.mallorcaliteraria.cat\/botiga\/wp-json\/wp\/v2\/product_cat?post=219"},{"taxonomy":"product_tag","embeddable":true,"href":"https:\/\/www.mallorcaliteraria.cat\/botiga\/wp-json\/wp\/v2\/product_tag?post=219"}],"curies":[{"name":"wp","href":"https:\/\/api.w.org\/{rel}","templated":true}]}}

Llibre: &#8220;Damià Huguet. Home de call vermell&#8221;

<p>Diversos autors<br />
A cura de Biel Huguet i Montserrat Alcaraz.<br />
Editorial: Di7 Edicions, Binissalem.<br />
Any d&#8217;edició: 1999.</p>
<p>Aquest llibre vol ser un record i un homenatge a Damià Huguet i Roig, un autor inquiet i polifacètic, un home honest i compromès, un apassionat per la terra i per la vida. A les pàgines d&#8217;aquest llibre s&#8217;hi combinen fotografies i versos seus amb escrits d&#8217;amics i estudiosos, fent així el retrat d&#8217;un dels grans autors mallorquins contemporanis.</p>
<p>Tapa dura, 149 pàgines.<br />
Mides: 21,5 x 22,5 cms.</p>

<p>Diversos autors A cura de Biel Huguet i Montserrat Alcaraz. Editorial: Di7 Edicions, Binissalem. Any d&#8217;edició: 1999. Aquest llibre vol ser un record i un homenatge a Damià Huguet i Roig, un autor inquiet i polifacètic, un home honest i compromès, un apassionat per la terra i per la vida. A les pàgines d&#8217;aquest llibre [&hellip;]</p>
