{"id":223,"date":"2025-10-14T14:28:15","date_gmt":"2025-10-14T12:28:15","guid":{"rendered":"https:\/\/www.mallorcaliteraria.cat\/botiga\/?post_type=product&#038;p=223"},"modified":"2025-10-14T15:02:56","modified_gmt":"2025-10-14T13:02:56","slug":"llibre-homenatge-en-blanc-i-negre","status":"publish","type":"product","link":"https:\/\/www.mallorcaliteraria.cat\/botiga\/producte\/llibre-homenatge-en-blanc-i-negre\/","title":{"rendered":"Llibre: &#8220;Homenatge en blanc i negre&#8221;"},"content":{"rendered":"<p>Autor\/a: Francesc Amengual.<br \/>\nEditorial: Di7 Edicions, Binissalem.<br \/>\nAny d&#8217;edici\u00f3: 1999<\/p>\n<p>Francesc Amengual i Barcel\u00f3 va n\u00e9ixer el 24 de desembre del 1954 a Vilafranca de Bonany. Va fer els estudis m\u00e9s o menys habituals: un cop acabats, no va tenir m\u00e9s remei que guanyar-se les sopes treballant en una entitat banc\u00e0ria. Per dins, per\u00f2, li anava covant una passi\u00f3 secreta: la de la fotografia. Va descobrir la literatura mallorquina, gr\u00e0cies a la lectrua d&#8217;El pallasso espanyat, de Lloren\u00e7 Capell\u00e0. Aquest escriptor va ser qui va animar-lo a seguir fotogr\u00e0ficament les passes de la literatura illenca. El resultat \u00e9s aquest llibre, fruit d&#8217;una quinzena d&#8217;anys de feina constant i callada.<\/p>\n<p>Tapa dura, 127 p\u00e0gines.<br \/>\nMides: 21,5 x 22,5 cms.<\/p>\n","protected":false},"excerpt":{"rendered":"<p>Autor\/a: Francesc Amengual. Editorial: Di7 Edicions, Binissalem. Any d&#8217;edici\u00f3: 1999 Francesc Amengual i Barcel\u00f3 va n\u00e9ixer el 24 de desembre del 1954 a Vilafranca de Bonany. Va fer els estudis m\u00e9s o menys habituals: un cop acabats, no va tenir m\u00e9s remei que guanyar-se les sopes treballant en una entitat banc\u00e0ria. Per dins, per\u00f2, li [&hellip;]<\/p>\n","protected":false},"featured_media":687,"comment_status":"open","ping_status":"closed","template":"","meta":[],"product_brand":[],"product_cat":[21],"product_tag":[65],"class_list":{"0":"post-223","1":"product","2":"type-product","3":"status-publish","4":"has-post-thumbnail","6":"product_cat-bl","7":"product_tag-bl0030","9":"first","10":"instock","11":"shipping-taxable","12":"purchasable","13":"product-type-simple"},"_links":{"self":[{"href":"https:\/\/www.mallorcaliteraria.cat\/botiga\/wp-json\/wp\/v2\/product\/223","targetHints":{"allow":["GET"]}}],"collection":[{"href":"https:\/\/www.mallorcaliteraria.cat\/botiga\/wp-json\/wp\/v2\/product"}],"about":[{"href":"https:\/\/www.mallorcaliteraria.cat\/botiga\/wp-json\/wp\/v2\/types\/product"}],"replies":[{"embeddable":true,"href":"https:\/\/www.mallorcaliteraria.cat\/botiga\/wp-json\/wp\/v2\/comments?post=223"}],"wp:featuredmedia":[{"embeddable":true,"href":"https:\/\/www.mallorcaliteraria.cat\/botiga\/wp-json\/wp\/v2\/media\/687"}],"wp:attachment":[{"href":"https:\/\/www.mallorcaliteraria.cat\/botiga\/wp-json\/wp\/v2\/media?parent=223"}],"wp:term":[{"taxonomy":"product_brand","embeddable":true,"href":"https:\/\/www.mallorcaliteraria.cat\/botiga\/wp-json\/wp\/v2\/product_brand?post=223"},{"taxonomy":"product_cat","embeddable":true,"href":"https:\/\/www.mallorcaliteraria.cat\/botiga\/wp-json\/wp\/v2\/product_cat?post=223"},{"taxonomy":"product_tag","embeddable":true,"href":"https:\/\/www.mallorcaliteraria.cat\/botiga\/wp-json\/wp\/v2\/product_tag?post=223"}],"curies":[{"name":"wp","href":"https:\/\/api.w.org\/{rel}","templated":true}]}}

<p>Autor/a: Francesc Amengual.<br />
Editorial: Di7 Edicions, Binissalem.<br />
Any d&#8217;edició: 1999</p>
<p>Francesc Amengual i Barceló va néixer el 24 de desembre del 1954 a Vilafranca de Bonany. Va fer els estudis més o menys habituals: un cop acabats, no va tenir més remei que guanyar-se les sopes treballant en una entitat bancària. Per dins, però, li anava covant una passió secreta: la de la fotografia. Va descobrir la literatura mallorquina, gràcies a la lectrua d&#8217;El pallasso espanyat, de Llorenç Capellà. Aquest escriptor va ser qui va animar-lo a seguir fotogràficament les passes de la literatura illenca. El resultat és aquest llibre, fruit d&#8217;una quinzena d&#8217;anys de feina constant i callada.</p>
<p>Tapa dura, 127 pàgines.<br />
Mides: 21,5 x 22,5 cms.</p>

<p>Autor/a: Francesc Amengual. Editorial: Di7 Edicions, Binissalem. Any d&#8217;edició: 1999 Francesc Amengual i Barceló va néixer el 24 de desembre del 1954 a Vilafranca de Bonany. Va fer els estudis més o menys habituals: un cop acabats, no va tenir més remei que guanyar-se les sopes treballant en una entitat bancària. Per dins, però, li [&hellip;]</p>
