{"id":224,"date":"2021-05-18T10:49:37","date_gmt":"2021-05-18T08:49:37","guid":{"rendered":"https:\/\/www.mallorcaliteraria.cat\/botiga\/?post_type=product&#038;p=224"},"modified":"2025-10-14T14:58:37","modified_gmt":"2025-10-14T12:58:37","slug":"llibre-illes-balears-i-franca-traces-i-intercanvis-1730-1980","status":"publish","type":"product","link":"https:\/\/www.mallorcaliteraria.cat\/botiga\/producte\/llibre-illes-balears-i-franca-traces-i-intercanvis-1730-1980\/","title":{"rendered":"Llibre: &#8220;Illes Balears i Fran\u00e7a: traces i intercanvis (1730-1980)&#8221;"},"content":{"rendered":"<p>Autor\/a: Isabelle Bes Houghton<br \/>\nEditorial: Casa Museu Lloren\u00e7 Villalonga, Binissalem.<br \/>\nAny d&#8217;edici\u00f3:2008.<\/p>\n<p>Despr\u00e9s de l&#8217;organitzaci\u00f3 del Cicle de confer\u00e8ncies que es dugueren a terme durant el quart trimestre del 2007 dins el Programa d&#8217;Activitats de Fundaci\u00f3 Malorca Liter\u00e0ria, anteriorment Fundaci\u00f3 Casa Museu Lloren\u00e7 Villalonga, Pare Ginard i Blai Bonet, un grup nombr\u00f3s de persones que hi acudiren i d&#8217;altres que no varen poder acudir al Cicle esmenat, ens demanaren la urg\u00e8ncia i necessitat d&#8217;aprofundir sobre els temes ja tractats pels conferenciants i, al mateix temps ampliar els continguts d&#8217;aquelles, ja que per l&#8217;escassesa del temps de cada conferenciant, per la import\u00e0nca i transcend\u00e8ncia dels temes tractats, calia l&#8217;edici\u00f3 del present llibre. En ell trobareu un recull de l&#8217;obra i tasca d&#8217;investigaci\u00f3 d&#8217;Isabelle Bes, Coordinadora del Cicle celebrat, en el campo de les relacions entre les Illes Balears i Fran\u00e7a des dels segles XVIII al XX.<\/p>\n<p>Tapa tova, 161 p\u00e0gines.<br \/>\nMides: 24 x 16 cms.<\/p>\n","protected":false},"excerpt":{"rendered":"<p>Autor\/a: Isabelle Bes Houghton Editorial: Casa Museu Lloren\u00e7 Villalonga, Binissalem. Any d&#8217;edici\u00f3:2008. Despr\u00e9s de l&#8217;organitzaci\u00f3 del Cicle de confer\u00e8ncies que es dugueren a terme durant el quart trimestre del 2007 dins el Programa d&#8217;Activitats de Fundaci\u00f3 Malorca Liter\u00e0ria, anteriorment Fundaci\u00f3 Casa Museu Lloren\u00e7 Villalonga, Pare Ginard i Blai Bonet, un grup nombr\u00f3s de persones que [&hellip;]<\/p>\n","protected":false},"featured_media":699,"comment_status":"open","ping_status":"closed","template":"","meta":[],"product_brand":[],"product_cat":[21],"product_tag":[66],"class_list":{"0":"post-224","1":"product","2":"type-product","3":"status-publish","4":"has-post-thumbnail","6":"product_cat-bl","7":"product_tag-bl0031","9":"first","10":"instock","11":"shipping-taxable","12":"purchasable","13":"product-type-simple"},"_links":{"self":[{"href":"https:\/\/www.mallorcaliteraria.cat\/botiga\/wp-json\/wp\/v2\/product\/224","targetHints":{"allow":["GET"]}}],"collection":[{"href":"https:\/\/www.mallorcaliteraria.cat\/botiga\/wp-json\/wp\/v2\/product"}],"about":[{"href":"https:\/\/www.mallorcaliteraria.cat\/botiga\/wp-json\/wp\/v2\/types\/product"}],"replies":[{"embeddable":true,"href":"https:\/\/www.mallorcaliteraria.cat\/botiga\/wp-json\/wp\/v2\/comments?post=224"}],"wp:featuredmedia":[{"embeddable":true,"href":"https:\/\/www.mallorcaliteraria.cat\/botiga\/wp-json\/wp\/v2\/media\/699"}],"wp:attachment":[{"href":"https:\/\/www.mallorcaliteraria.cat\/botiga\/wp-json\/wp\/v2\/media?parent=224"}],"wp:term":[{"taxonomy":"product_brand","embeddable":true,"href":"https:\/\/www.mallorcaliteraria.cat\/botiga\/wp-json\/wp\/v2\/product_brand?post=224"},{"taxonomy":"product_cat","embeddable":true,"href":"https:\/\/www.mallorcaliteraria.cat\/botiga\/wp-json\/wp\/v2\/product_cat?post=224"},{"taxonomy":"product_tag","embeddable":true,"href":"https:\/\/www.mallorcaliteraria.cat\/botiga\/wp-json\/wp\/v2\/product_tag?post=224"}],"curies":[{"name":"wp","href":"https:\/\/api.w.org\/{rel}","templated":true}]}}

Llibre: &#8220;Illes Balears i França: traces i intercanvis (1730-1980)&#8221;

<p>Autor/a: Isabelle Bes Houghton<br />
Editorial: Casa Museu Llorenç Villalonga, Binissalem.<br />
Any d&#8217;edició:2008.</p>
<p>Després de l&#8217;organització del Cicle de conferències que es dugueren a terme durant el quart trimestre del 2007 dins el Programa d&#8217;Activitats de Fundació Malorca Literària, anteriorment Fundació Casa Museu Llorenç Villalonga, Pare Ginard i Blai Bonet, un grup nombrós de persones que hi acudiren i d&#8217;altres que no varen poder acudir al Cicle esmenat, ens demanaren la urgència i necessitat d&#8217;aprofundir sobre els temes ja tractats pels conferenciants i, al mateix temps ampliar els continguts d&#8217;aquelles, ja que per l&#8217;escassesa del temps de cada conferenciant, per la importànca i transcendència dels temes tractats, calia l&#8217;edició del present llibre. En ell trobareu un recull de l&#8217;obra i tasca d&#8217;investigació d&#8217;Isabelle Bes, Coordinadora del Cicle celebrat, en el campo de les relacions entre les Illes Balears i França des dels segles XVIII al XX.</p>
<p>Tapa tova, 161 pàgines.<br />
Mides: 24 x 16 cms.</p>

<p>Autor/a: Isabelle Bes Houghton Editorial: Casa Museu Llorenç Villalonga, Binissalem. Any d&#8217;edició:2008. Després de l&#8217;organització del Cicle de conferències que es dugueren a terme durant el quart trimestre del 2007 dins el Programa d&#8217;Activitats de Fundació Malorca Literària, anteriorment Fundació Casa Museu Llorenç Villalonga, Pare Ginard i Blai Bonet, un grup nombrós de persones que [&hellip;]</p>
