{"id":230,"date":"2021-05-18T11:13:40","date_gmt":"2021-05-18T09:13:40","guid":{"rendered":"https:\/\/www.mallorcaliteraria.cat\/botiga\/?post_type=product&#038;p=230"},"modified":"2025-05-21T12:52:56","modified_gmt":"2025-05-21T10:52:56","slug":"llibre-la-virreyna","status":"publish","type":"product","link":"https:\/\/www.mallorcaliteraria.cat\/botiga\/producte\/llibre-la-virreyna\/","title":{"rendered":"Llibre: &#8220;La Virreyna&#8221;"},"content":{"rendered":"<p>Autor\/a: Lloren\u00e7 Villalonga.<br \/>\nEditorial: El Club Editor, Barcelona.<br \/>\nCol\u00b7lecci\u00f3: El club dels novel\u00b7listes.<br \/>\nAny d&#8217;edici\u00f3: 1990<\/p>\n<p>Lloren\u00e7 Villalonga prossegueix amb La &#8220;Virreyna&#8221; aquella nost\u00e0lgica &#8220;recerca d&#8217;un temps perdut&#8221; que inspira la major part de la seva obra. Records d&#8217;inoblidables jornades de la inf\u00e0ncia passades a la casa pairal dels Villalonga; hist\u00f2ries m\u00e9s o menys ver\u00eddiques relacionades amb els seus besavis i sentides contar tradicionalment pels pagesos de la rodalia; curios\u00edssims documents de l&#8217;arxiu familiar que ens posen en contacte directe amb vides esva\u00efdes; tot aix\u00f2 lligat per aquella manera de viure en via de r\u00e0pida desaparici\u00f3 que fou durant segles la de quasi tota la ruralia de l&#8217;Europa occidental: vet aqu\u00ed els ingredients d&#8217;aquesta novel\u00b7la, \u00e0gil barreja d&#8217;hist\u00f2ria i fantasia.<\/p>\n<p>Tapa tova, 186 p\u00e0gines.<br \/>\nMides: 20 x 13,5 cms.<\/p>\n","protected":false},"excerpt":{"rendered":"<p>Autor\/a: Lloren\u00e7 Villalonga. Editorial: El Club Editor, Barcelona. Col\u00b7lecci\u00f3: El club dels novel\u00b7listes. Any d&#8217;edici\u00f3: 1990 Lloren\u00e7 Villalonga prossegueix amb La &#8220;Virreyna&#8221; aquella nost\u00e0lgica &#8220;recerca d&#8217;un temps perdut&#8221; que inspira la major part de la seva obra. Records d&#8217;inoblidables jornades de la inf\u00e0ncia passades a la casa pairal dels Villalonga; hist\u00f2ries m\u00e9s o menys ver\u00eddiques [&hellip;]<\/p>\n","protected":false},"featured_media":231,"comment_status":"open","ping_status":"closed","template":"","meta":[],"product_brand":[],"product_cat":[21],"product_tag":[68],"class_list":{"0":"post-230","1":"product","2":"type-product","3":"status-publish","4":"has-post-thumbnail","6":"product_cat-bl","7":"product_tag-bl0033","9":"first","10":"instock","11":"shipping-taxable","12":"purchasable","13":"product-type-simple"},"_links":{"self":[{"href":"https:\/\/www.mallorcaliteraria.cat\/botiga\/wp-json\/wp\/v2\/product\/230","targetHints":{"allow":["GET"]}}],"collection":[{"href":"https:\/\/www.mallorcaliteraria.cat\/botiga\/wp-json\/wp\/v2\/product"}],"about":[{"href":"https:\/\/www.mallorcaliteraria.cat\/botiga\/wp-json\/wp\/v2\/types\/product"}],"replies":[{"embeddable":true,"href":"https:\/\/www.mallorcaliteraria.cat\/botiga\/wp-json\/wp\/v2\/comments?post=230"}],"wp:featuredmedia":[{"embeddable":true,"href":"https:\/\/www.mallorcaliteraria.cat\/botiga\/wp-json\/wp\/v2\/media\/231"}],"wp:attachment":[{"href":"https:\/\/www.mallorcaliteraria.cat\/botiga\/wp-json\/wp\/v2\/media?parent=230"}],"wp:term":[{"taxonomy":"product_brand","embeddable":true,"href":"https:\/\/www.mallorcaliteraria.cat\/botiga\/wp-json\/wp\/v2\/product_brand?post=230"},{"taxonomy":"product_cat","embeddable":true,"href":"https:\/\/www.mallorcaliteraria.cat\/botiga\/wp-json\/wp\/v2\/product_cat?post=230"},{"taxonomy":"product_tag","embeddable":true,"href":"https:\/\/www.mallorcaliteraria.cat\/botiga\/wp-json\/wp\/v2\/product_tag?post=230"}],"curies":[{"name":"wp","href":"https:\/\/api.w.org\/{rel}","templated":true}]}}