{"id":234,"date":"2021-05-18T11:35:15","date_gmt":"2021-05-18T09:35:15","guid":{"rendered":"https:\/\/www.mallorcaliteraria.cat\/botiga\/?post_type=product&#038;p=234"},"modified":"2025-05-21T12:52:48","modified_gmt":"2025-05-21T10:52:48","slug":"llibre-la-bruixa-i-linfant-orat","status":"publish","type":"product","link":"https:\/\/www.mallorcaliteraria.cat\/botiga\/producte\/llibre-la-bruixa-i-linfant-orat\/","title":{"rendered":"Llibre: &#8220;La bruixa i l&#8217;infant orat&#8221;"},"content":{"rendered":"<p>Autor\/a: Lloren\u00e7 Villalonga.<br \/>\nEditorial: Edicions 3i4, Barcelona.<br \/>\nCol\u00b7lecci\u00f3: Biblioteca Lloren\u00e7 Villalonga.<br \/>\nAny d&#8217;edici\u00f3: 1992<\/p>\n<p>Madame Dormand, una parisenca rica, arriba a un poblet de Mallorca i s&#8217;enamora d&#8217;un infant mig bog i embordonit. Al principi maternalment. Aquesta podria ser, en poques paraules, la sinopsi argumental de l&#8217;obra que ara us presentem. La bruixa i l&#8217;infant orat, novel\u00b7la p\u00f2stuma que Lloren\u00e7 Villalonga va escriure entre 1974 i 1975, a m\u00e9s de p\u00f2stuma \u00e9s inacabada, ja que en ple cap\u00edtol XIV, abruptament deixa de disc\u00f3rrer. Aix\u00f2 no obstant, el lector de Villalonga no en quedar\u00e0 decebut, perqu\u00e8 hi trobar\u00e0 aquelles caracter\u00edstiques del seu estil que l&#8217;han fet fruir com a lector de tota la seua obra. A m\u00e9s, en el remol\u00ed que comporta la irrupci\u00f3 francesa moralment contr\u00e0ria a l&#8217;ordre estricte de la tradici\u00f3, el villalongui\u00e0 empedre\u00eft reconeixer\u00e0 un vell concepte molt arrelat en el pensament de l&#8217;autor de Bearn: la temptaci\u00f3 que el primitivisme pot desvetllar en l&#8217;Europa, culta i civilitzada.<\/p>\n<p>Tapa tova, 212 p\u00e0gines.<br \/>\nMides: 24 x 16 cms.<\/p>\n","protected":false},"excerpt":{"rendered":"<p>Autor\/a: Lloren\u00e7 Villalonga. Editorial: Edicions 3i4, Barcelona. Col\u00b7lecci\u00f3: Biblioteca Lloren\u00e7 Villalonga. Any d&#8217;edici\u00f3: 1992 Madame Dormand, una parisenca rica, arriba a un poblet de Mallorca i s&#8217;enamora d&#8217;un infant mig bog i embordonit. Al principi maternalment. Aquesta podria ser, en poques paraules, la sinopsi argumental de l&#8217;obra que ara us presentem. La bruixa i l&#8217;infant [&hellip;]<\/p>\n","protected":false},"featured_media":235,"comment_status":"open","ping_status":"closed","template":"","meta":[],"product_brand":[],"product_cat":[21],"product_tag":[69],"class_list":{"0":"post-234","1":"product","2":"type-product","3":"status-publish","4":"has-post-thumbnail","6":"product_cat-bl","7":"product_tag-bl0034","9":"first","10":"instock","11":"shipping-taxable","12":"purchasable","13":"product-type-simple"},"_links":{"self":[{"href":"https:\/\/www.mallorcaliteraria.cat\/botiga\/wp-json\/wp\/v2\/product\/234","targetHints":{"allow":["GET"]}}],"collection":[{"href":"https:\/\/www.mallorcaliteraria.cat\/botiga\/wp-json\/wp\/v2\/product"}],"about":[{"href":"https:\/\/www.mallorcaliteraria.cat\/botiga\/wp-json\/wp\/v2\/types\/product"}],"replies":[{"embeddable":true,"href":"https:\/\/www.mallorcaliteraria.cat\/botiga\/wp-json\/wp\/v2\/comments?post=234"}],"wp:featuredmedia":[{"embeddable":true,"href":"https:\/\/www.mallorcaliteraria.cat\/botiga\/wp-json\/wp\/v2\/media\/235"}],"wp:attachment":[{"href":"https:\/\/www.mallorcaliteraria.cat\/botiga\/wp-json\/wp\/v2\/media?parent=234"}],"wp:term":[{"taxonomy":"product_brand","embeddable":true,"href":"https:\/\/www.mallorcaliteraria.cat\/botiga\/wp-json\/wp\/v2\/product_brand?post=234"},{"taxonomy":"product_cat","embeddable":true,"href":"https:\/\/www.mallorcaliteraria.cat\/botiga\/wp-json\/wp\/v2\/product_cat?post=234"},{"taxonomy":"product_tag","embeddable":true,"href":"https:\/\/www.mallorcaliteraria.cat\/botiga\/wp-json\/wp\/v2\/product_tag?post=234"}],"curies":[{"name":"wp","href":"https:\/\/api.w.org\/{rel}","templated":true}]}}