{"id":246,"date":"2021-05-18T12:13:10","date_gmt":"2021-05-18T10:13:10","guid":{"rendered":"https:\/\/www.mallorcaliteraria.cat\/botiga\/?post_type=product&#038;p=246"},"modified":"2024-06-27T04:50:00","modified_gmt":"2024-06-27T02:50:00","slug":"llibre-la-rao-i-el-meu-dret-biografia-de-llorenc-villalonga","status":"publish","type":"product","link":"https:\/\/www.mallorcaliteraria.cat\/botiga\/producte\/llibre-la-rao-i-el-meu-dret-biografia-de-llorenc-villalonga\/","title":{"rendered":"Llibre: &#8220;La ra\u00f3 i el meu dret. Biografia de Lloren\u00e7 Villalonga&#8221;"},"content":{"rendered":"<p>Autor\/a: Jaume Pomar<br \/>\nEditorial: Moll, Palma.<br \/>\nCol\u00b7lecci\u00f3: Els treballs i els dies<br \/>\nAny d&#8217;edici\u00f3: 1995<\/p>\n<p>Estudi exhaustiu sobre la vida i obra del gran escriptor Lloren\u00e7 Villalonga en tots els seus aspectes. Exposa les raons d\u2019alguns dels episodis m\u00e9s contradictoris de la seva biografia, la seva postura respecte a la llengua i cultura de Mallorca, les seves f\u00edlies i f\u00f2bies i la seva relaci\u00f3 amb altres personatges de l\u2019\u00e0mbit cultural i pol\u00edtic.<\/p>\n<p>Tapa tova, 487 p\u00e0gines.<br \/>\nMides: 24 x 17 cms.<\/p>\n","protected":false},"excerpt":{"rendered":"<p>Autor\/a: Jaume Pomar Editorial: Moll, Palma. Col\u00b7lecci\u00f3: Els treballs i els dies Any d&#8217;edici\u00f3: 1995 Estudi exhaustiu sobre la vida i obra del gran escriptor Lloren\u00e7 Villalonga en tots els seus aspectes. Exposa les raons d\u2019alguns dels episodis m\u00e9s contradictoris de la seva biografia, la seva postura respecte a la llengua i cultura de Mallorca, [&hellip;]<\/p>\n","protected":false},"featured_media":225,"comment_status":"open","ping_status":"closed","template":"","meta":[],"product_brand":[],"product_cat":[21],"product_tag":[72],"class_list":{"0":"post-246","1":"product","2":"type-product","3":"status-publish","4":"has-post-thumbnail","6":"product_cat-bl","7":"product_tag-bl0037","9":"first","10":"outofstock","11":"shipping-taxable","12":"purchasable","13":"product-type-simple"},"_links":{"self":[{"href":"https:\/\/www.mallorcaliteraria.cat\/botiga\/wp-json\/wp\/v2\/product\/246","targetHints":{"allow":["GET"]}}],"collection":[{"href":"https:\/\/www.mallorcaliteraria.cat\/botiga\/wp-json\/wp\/v2\/product"}],"about":[{"href":"https:\/\/www.mallorcaliteraria.cat\/botiga\/wp-json\/wp\/v2\/types\/product"}],"replies":[{"embeddable":true,"href":"https:\/\/www.mallorcaliteraria.cat\/botiga\/wp-json\/wp\/v2\/comments?post=246"}],"wp:featuredmedia":[{"embeddable":true,"href":"https:\/\/www.mallorcaliteraria.cat\/botiga\/wp-json\/wp\/v2\/media\/225"}],"wp:attachment":[{"href":"https:\/\/www.mallorcaliteraria.cat\/botiga\/wp-json\/wp\/v2\/media?parent=246"}],"wp:term":[{"taxonomy":"product_brand","embeddable":true,"href":"https:\/\/www.mallorcaliteraria.cat\/botiga\/wp-json\/wp\/v2\/product_brand?post=246"},{"taxonomy":"product_cat","embeddable":true,"href":"https:\/\/www.mallorcaliteraria.cat\/botiga\/wp-json\/wp\/v2\/product_cat?post=246"},{"taxonomy":"product_tag","embeddable":true,"href":"https:\/\/www.mallorcaliteraria.cat\/botiga\/wp-json\/wp\/v2\/product_tag?post=246"}],"curies":[{"name":"wp","href":"https:\/\/api.w.org\/{rel}","templated":true}]}}