{"id":249,"date":"2021-05-18T12:16:17","date_gmt":"2021-05-18T10:16:17","guid":{"rendered":"https:\/\/www.mallorcaliteraria.cat\/botiga\/?post_type=product&#038;p=249"},"modified":"2025-05-21T12:52:23","modified_gmt":"2025-05-21T10:52:23","slug":"llibre-la-tafanera-posteritat-assaigs-sobre-llorenc-villalonga","status":"publish","type":"product","link":"https:\/\/www.mallorcaliteraria.cat\/botiga\/producte\/llibre-la-tafanera-posteritat-assaigs-sobre-llorenc-villalonga\/","title":{"rendered":"Llibre: &#8220;La tafanera posteritat. Assaigs sobre Lloren\u00e7 Villalonga&#8221;"},"content":{"rendered":"<p>Autor\/a: P. Louise Johnson<br \/>\nEditorial: FML i Publicacions de l&#8217;Abadia de Montserrat.<br \/>\nCol\u00b7lecci\u00f3: Col\u00b7lecci\u00f3 Casa Museu Lloren\u00e7 Villalonga<br \/>\nAny d&#8217;edici\u00f3: 2002<\/p>\n<p>En els quatre assaigs que constitueixen aquest volum sobre l&#8217;obra novel\u00b7l\u00edstica de Villalonga, l&#8217;estudiosa brit\u00e0nica Louise Johnson demostra que l&#8217;obra del mallorqu\u00ed es pot i s&#8217;ha d&#8217;entendre dins un context m\u00e9s ampli que el merament mallorqu\u00ed i subratlla el plaer i el profit intel\u00b7lectual que es deriven d&#8217;acostar-se a una obra fict\u00edcia i a uns temes concrets amb la perspectiva de la cr\u00edtica creativa. I Premi Casa Museu Lloren\u00e7 Villalonga.<\/p>\n<p>Tapa tova, 232 p\u00e0gines.<br \/>\nMides: 19 x 13 cms. <\/p>\n","protected":false},"excerpt":{"rendered":"<p>Autor\/a: P. Louise Johnson Editorial: FML i Publicacions de l&#8217;Abadia de Montserrat. Col\u00b7lecci\u00f3: Col\u00b7lecci\u00f3 Casa Museu Lloren\u00e7 Villalonga Any d&#8217;edici\u00f3: 2002 En els quatre assaigs que constitueixen aquest volum sobre l&#8217;obra novel\u00b7l\u00edstica de Villalonga, l&#8217;estudiosa brit\u00e0nica Louise Johnson demostra que l&#8217;obra del mallorqu\u00ed es pot i s&#8217;ha d&#8217;entendre dins un context m\u00e9s ampli que el [&hellip;]<\/p>\n","protected":false},"featured_media":250,"comment_status":"open","ping_status":"closed","template":"","meta":[],"product_brand":[],"product_cat":[21],"product_tag":[73],"class_list":{"0":"post-249","1":"product","2":"type-product","3":"status-publish","4":"has-post-thumbnail","6":"product_cat-bl","7":"product_tag-bl0038","9":"first","10":"instock","11":"shipping-taxable","12":"purchasable","13":"product-type-simple"},"_links":{"self":[{"href":"https:\/\/www.mallorcaliteraria.cat\/botiga\/wp-json\/wp\/v2\/product\/249","targetHints":{"allow":["GET"]}}],"collection":[{"href":"https:\/\/www.mallorcaliteraria.cat\/botiga\/wp-json\/wp\/v2\/product"}],"about":[{"href":"https:\/\/www.mallorcaliteraria.cat\/botiga\/wp-json\/wp\/v2\/types\/product"}],"replies":[{"embeddable":true,"href":"https:\/\/www.mallorcaliteraria.cat\/botiga\/wp-json\/wp\/v2\/comments?post=249"}],"wp:featuredmedia":[{"embeddable":true,"href":"https:\/\/www.mallorcaliteraria.cat\/botiga\/wp-json\/wp\/v2\/media\/250"}],"wp:attachment":[{"href":"https:\/\/www.mallorcaliteraria.cat\/botiga\/wp-json\/wp\/v2\/media?parent=249"}],"wp:term":[{"taxonomy":"product_brand","embeddable":true,"href":"https:\/\/www.mallorcaliteraria.cat\/botiga\/wp-json\/wp\/v2\/product_brand?post=249"},{"taxonomy":"product_cat","embeddable":true,"href":"https:\/\/www.mallorcaliteraria.cat\/botiga\/wp-json\/wp\/v2\/product_cat?post=249"},{"taxonomy":"product_tag","embeddable":true,"href":"https:\/\/www.mallorcaliteraria.cat\/botiga\/wp-json\/wp\/v2\/product_tag?post=249"}],"curies":[{"name":"wp","href":"https:\/\/api.w.org\/{rel}","templated":true}]}}