{"id":289,"date":"2021-05-18T13:36:38","date_gmt":"2021-05-18T11:36:38","guid":{"rendered":"https:\/\/www.mallorcaliteraria.cat\/botiga\/?post_type=product&#038;p=289"},"modified":"2025-05-21T12:49:02","modified_gmt":"2025-05-21T10:49:02","slug":"llibre-memorial-de-setmana-santa","status":"publish","type":"product","link":"https:\/\/www.mallorcaliteraria.cat\/botiga\/producte\/llibre-memorial-de-setmana-santa\/","title":{"rendered":"Llibre: &#8220;Memorial de Setmana Santa&#8221;"},"content":{"rendered":"<p>Autor\/a: Blai Bonet<br \/>\nEditorial: AdiA Edicions, Calonge.<br \/>\nCol\u00b7lecci\u00f3: Foramida<br \/>\nAny d&#8217;edici\u00f3: 2018<\/p>\n<p>La Setmana Santa de 1980, Blai Bonet va ser l\u2019encarregat de llegir el preg\u00f3 a la parr\u00f2quia del seu poble, Santany\u00ed, ocasi\u00f3 que va aprofitar per oferir la seva particular visi\u00f3 dels fets a trav\u00e9s d\u2019una llengua l\u00facida, viperina, rica i eixelebrada. Aquest text, recuperat per AdiA Edicions en paper, i per l&#8217;actor Toni Gomila en versi\u00f3 de lectura dramatitzada, s&#8217;ha convertit en un cl\u00e0ssic contemporani, necessari per rellegir els fets narrats pels evangelis en els dies previs a la Setmana Santa.<\/p>\n<p>Tapa tova, 63 p\u00e0gines.<br \/>\nMides: 18 x 13 cms.<\/p>\n","protected":false},"excerpt":{"rendered":"<p>Autor\/a: Blai Bonet Editorial: AdiA Edicions, Calonge. Col\u00b7lecci\u00f3: Foramida Any d&#8217;edici\u00f3: 2018 La Setmana Santa de 1980, Blai Bonet va ser l\u2019encarregat de llegir el preg\u00f3 a la parr\u00f2quia del seu poble, Santany\u00ed, ocasi\u00f3 que va aprofitar per oferir la seva particular visi\u00f3 dels fets a trav\u00e9s d\u2019una llengua l\u00facida, viperina, rica i eixelebrada. Aquest [&hellip;]<\/p>\n","protected":false},"featured_media":290,"comment_status":"open","ping_status":"closed","template":"","meta":[],"product_brand":[],"product_cat":[21],"product_tag":[85],"class_list":{"0":"post-289","1":"product","2":"type-product","3":"status-publish","4":"has-post-thumbnail","6":"product_cat-bl","7":"product_tag-bl0051","9":"first","10":"instock","11":"shipping-taxable","12":"purchasable","13":"product-type-simple"},"_links":{"self":[{"href":"https:\/\/www.mallorcaliteraria.cat\/botiga\/wp-json\/wp\/v2\/product\/289","targetHints":{"allow":["GET"]}}],"collection":[{"href":"https:\/\/www.mallorcaliteraria.cat\/botiga\/wp-json\/wp\/v2\/product"}],"about":[{"href":"https:\/\/www.mallorcaliteraria.cat\/botiga\/wp-json\/wp\/v2\/types\/product"}],"replies":[{"embeddable":true,"href":"https:\/\/www.mallorcaliteraria.cat\/botiga\/wp-json\/wp\/v2\/comments?post=289"}],"wp:featuredmedia":[{"embeddable":true,"href":"https:\/\/www.mallorcaliteraria.cat\/botiga\/wp-json\/wp\/v2\/media\/290"}],"wp:attachment":[{"href":"https:\/\/www.mallorcaliteraria.cat\/botiga\/wp-json\/wp\/v2\/media?parent=289"}],"wp:term":[{"taxonomy":"product_brand","embeddable":true,"href":"https:\/\/www.mallorcaliteraria.cat\/botiga\/wp-json\/wp\/v2\/product_brand?post=289"},{"taxonomy":"product_cat","embeddable":true,"href":"https:\/\/www.mallorcaliteraria.cat\/botiga\/wp-json\/wp\/v2\/product_cat?post=289"},{"taxonomy":"product_tag","embeddable":true,"href":"https:\/\/www.mallorcaliteraria.cat\/botiga\/wp-json\/wp\/v2\/product_tag?post=289"}],"curies":[{"name":"wp","href":"https:\/\/api.w.org\/{rel}","templated":true}]}}

<p>Autor/a: Blai Bonet<br />
Editorial: AdiA Edicions, Calonge.<br />
Col·lecció: Foramida<br />
Any d&#8217;edició: 2018</p>
<p>La Setmana Santa de 1980, Blai Bonet va ser l’encarregat de llegir el pregó a la parròquia del seu poble, Santanyí, ocasió que va aprofitar per oferir la seva particular visió dels fets a través d’una llengua lúcida, viperina, rica i eixelebrada. Aquest text, recuperat per AdiA Edicions en paper, i per l&#8217;actor Toni Gomila en versió de lectura dramatitzada, s&#8217;ha convertit en un clàssic contemporani, necessari per rellegir els fets narrats pels evangelis en els dies previs a la Setmana Santa.</p>
<p>Tapa tova, 63 pàgines.<br />
Mides: 18 x 13 cms.</p>

<p>Autor/a: Blai Bonet Editorial: AdiA Edicions, Calonge. Col·lecció: Foramida Any d&#8217;edició: 2018 La Setmana Santa de 1980, Blai Bonet va ser l’encarregat de llegir el pregó a la parròquia del seu poble, Santanyí, ocasió que va aprofitar per oferir la seva particular visió dels fets a través d’una llengua lúcida, viperina, rica i eixelebrada. Aquest [&hellip;]</p>
