{"id":293,"date":"2021-05-18T13:39:59","date_gmt":"2021-05-18T11:39:59","guid":{"rendered":"https:\/\/www.mallorcaliteraria.cat\/botiga\/?post_type=product&#038;p=293"},"modified":"2025-05-21T12:48:49","modified_gmt":"2025-05-21T10:48:49","slug":"llibre-miquel-angel-riera-fotobiografia","status":"publish","type":"product","link":"https:\/\/www.mallorcaliteraria.cat\/botiga\/producte\/llibre-miquel-angel-riera-fotobiografia\/","title":{"rendered":"Llibre: &#8220;Miquel \u00c0ngel Riera. Fotobiografia&#8221;"},"content":{"rendered":"<p>Diversos autors<br \/>\nFotografia de Francesc Amengual<br \/>\nTextos de Pere Rossell\u00f3, Bernat Nadal i Jaume Santandreu.<br \/>\nEditorial: Di7 Edicions, Binissalem.<br \/>\nAny d&#8217;edici\u00f3: 1997<\/p>\n<p>Un projecte impulsat i creat pel fot\u00f2graf Francesc Amengual, autor de bona part de les fotografies recopilades en aquesta fotobiografia del manacor\u00ed Miquel \u00c0ngel Riera.<\/p>\n<p>Tapa dura, 77 p\u00e0gines.<br \/>\nMides: 23 x 25 cms. <\/p>\n","protected":false},"excerpt":{"rendered":"<p>Diversos autors Fotografia de Francesc Amengual Textos de Pere Rossell\u00f3, Bernat Nadal i Jaume Santandreu. Editorial: Di7 Edicions, Binissalem. Any d&#8217;edici\u00f3: 1997 Un projecte impulsat i creat pel fot\u00f2graf Francesc Amengual, autor de bona part de les fotografies recopilades en aquesta fotobiografia del manacor\u00ed Miquel \u00c0ngel Riera. Tapa dura, 77 p\u00e0gines. Mides: 23 x 25 [&hellip;]<\/p>\n","protected":false},"featured_media":294,"comment_status":"open","ping_status":"closed","template":"","meta":[],"product_brand":[],"product_cat":[21],"product_tag":[86],"class_list":{"0":"post-293","1":"product","2":"type-product","3":"status-publish","4":"has-post-thumbnail","6":"product_cat-bl","7":"product_tag-bl0052","9":"first","10":"instock","11":"shipping-taxable","12":"purchasable","13":"product-type-simple"},"_links":{"self":[{"href":"https:\/\/www.mallorcaliteraria.cat\/botiga\/wp-json\/wp\/v2\/product\/293","targetHints":{"allow":["GET"]}}],"collection":[{"href":"https:\/\/www.mallorcaliteraria.cat\/botiga\/wp-json\/wp\/v2\/product"}],"about":[{"href":"https:\/\/www.mallorcaliteraria.cat\/botiga\/wp-json\/wp\/v2\/types\/product"}],"replies":[{"embeddable":true,"href":"https:\/\/www.mallorcaliteraria.cat\/botiga\/wp-json\/wp\/v2\/comments?post=293"}],"wp:featuredmedia":[{"embeddable":true,"href":"https:\/\/www.mallorcaliteraria.cat\/botiga\/wp-json\/wp\/v2\/media\/294"}],"wp:attachment":[{"href":"https:\/\/www.mallorcaliteraria.cat\/botiga\/wp-json\/wp\/v2\/media?parent=293"}],"wp:term":[{"taxonomy":"product_brand","embeddable":true,"href":"https:\/\/www.mallorcaliteraria.cat\/botiga\/wp-json\/wp\/v2\/product_brand?post=293"},{"taxonomy":"product_cat","embeddable":true,"href":"https:\/\/www.mallorcaliteraria.cat\/botiga\/wp-json\/wp\/v2\/product_cat?post=293"},{"taxonomy":"product_tag","embeddable":true,"href":"https:\/\/www.mallorcaliteraria.cat\/botiga\/wp-json\/wp\/v2\/product_tag?post=293"}],"curies":[{"name":"wp","href":"https:\/\/api.w.org\/{rel}","templated":true}]}}

Llibre: &#8220;Miquel Àngel Riera. Fotobiografia&#8221;

<p>Diversos autors<br />
Fotografia de Francesc Amengual<br />
Textos de Pere Rosselló, Bernat Nadal i Jaume Santandreu.<br />
Editorial: Di7 Edicions, Binissalem.<br />
Any d&#8217;edició: 1997</p>
<p>Un projecte impulsat i creat pel fotògraf Francesc Amengual, autor de bona part de les fotografies recopilades en aquesta fotobiografia del manacorí Miquel Àngel Riera.</p>
<p>Tapa dura, 77 pàgines.<br />
Mides: 23 x 25 cms. </p>

<p>Diversos autors Fotografia de Francesc Amengual Textos de Pere Rosselló, Bernat Nadal i Jaume Santandreu. Editorial: Di7 Edicions, Binissalem. Any d&#8217;edició: 1997 Un projecte impulsat i creat pel fotògraf Francesc Amengual, autor de bona part de les fotografies recopilades en aquesta fotobiografia del manacorí Miquel Àngel Riera. Tapa dura, 77 pàgines. Mides: 23 x 25 [&hellip;]</p>
