{"id":313,"date":"2021-05-18T14:25:15","date_gmt":"2021-05-18T12:25:15","guid":{"rendered":"https:\/\/www.mallorcaliteraria.cat\/botiga\/?post_type=product&#038;p=313"},"modified":"2024-05-30T12:49:45","modified_gmt":"2024-05-30T10:49:45","slug":"313","status":"publish","type":"product","link":"https:\/\/www.mallorcaliteraria.cat\/botiga\/producte\/313\/","title":{"rendered":"Llibre: &#8220;Vida i obra de Lloren\u00e7 Villalonga (I)&#8221;"},"content":{"rendered":"<p>Diversos autors<br \/>\nInclou textos de Rosa M. Delor, M. Josepa Gallofr\u00e9 i Francesc Llad\u00f3, entre d&#8217;altres.<br \/>\nEditorial: Curial Edicions Catalanes<br \/>\nCol\u00b7lecci\u00f3: Randa<br \/>\nAny d&#8217;edici\u00f3: 1993<\/p>\n<p>Nissaga familiar i genealogia de Lloren\u00e7 Villalonga Pons, per Jaume Pomar. La casa de &#8220;San Antonio, 3&#8221; a Fontnova (Petita contribuci\u00f3 a l&#8217;aclariment del m\u00f3n real dels Villalonga), per Margalida Socias. La pol\u00e8mica de l&#8217;aparici\u00f3 de &#8220;Mort de Dama&#8221;, per Pere Rossell\u00f3 Bover. Els articles de Lloren\u00e7 Villalonga en temps de guerra, edici\u00f3, introducci\u00f3 i notes d&#8217;Antoni Nadal. Bibliografia de Lloren\u00e7 Villalonga (1914-1980), a cura de Maria Carme Bosch Juan i Jordi Larios Aznar.<\/p>\n<p>Tapa tova, 175 p\u00e0gines.<br \/>\nMides: 23 x 16 cms.<\/p>\n","protected":false},"excerpt":{"rendered":"<p>Diversos autors Inclou textos de Rosa M. Delor, M. Josepa Gallofr\u00e9 i Francesc Llad\u00f3, entre d&#8217;altres. Editorial: Curial Edicions Catalanes Col\u00b7lecci\u00f3: Randa Any d&#8217;edici\u00f3: 1993 Nissaga familiar i genealogia de Lloren\u00e7 Villalonga Pons, per Jaume Pomar. La casa de &#8220;San Antonio, 3&#8221; a Fontnova (Petita contribuci\u00f3 a l&#8217;aclariment del m\u00f3n real dels Villalonga), per Margalida [&hellip;]<\/p>\n","protected":false},"featured_media":314,"comment_status":"open","ping_status":"closed","template":"","meta":[],"product_brand":[],"product_cat":[21],"product_tag":[93],"class_list":{"0":"post-313","1":"product","2":"type-product","3":"status-publish","4":"has-post-thumbnail","6":"product_cat-bl","7":"product_tag-bl0059","9":"first","10":"outofstock","11":"shipping-taxable","12":"purchasable","13":"product-type-simple"},"_links":{"self":[{"href":"https:\/\/www.mallorcaliteraria.cat\/botiga\/wp-json\/wp\/v2\/product\/313","targetHints":{"allow":["GET"]}}],"collection":[{"href":"https:\/\/www.mallorcaliteraria.cat\/botiga\/wp-json\/wp\/v2\/product"}],"about":[{"href":"https:\/\/www.mallorcaliteraria.cat\/botiga\/wp-json\/wp\/v2\/types\/product"}],"replies":[{"embeddable":true,"href":"https:\/\/www.mallorcaliteraria.cat\/botiga\/wp-json\/wp\/v2\/comments?post=313"}],"wp:featuredmedia":[{"embeddable":true,"href":"https:\/\/www.mallorcaliteraria.cat\/botiga\/wp-json\/wp\/v2\/media\/314"}],"wp:attachment":[{"href":"https:\/\/www.mallorcaliteraria.cat\/botiga\/wp-json\/wp\/v2\/media?parent=313"}],"wp:term":[{"taxonomy":"product_brand","embeddable":true,"href":"https:\/\/www.mallorcaliteraria.cat\/botiga\/wp-json\/wp\/v2\/product_brand?post=313"},{"taxonomy":"product_cat","embeddable":true,"href":"https:\/\/www.mallorcaliteraria.cat\/botiga\/wp-json\/wp\/v2\/product_cat?post=313"},{"taxonomy":"product_tag","embeddable":true,"href":"https:\/\/www.mallorcaliteraria.cat\/botiga\/wp-json\/wp\/v2\/product_tag?post=313"}],"curies":[{"name":"wp","href":"https:\/\/api.w.org\/{rel}","templated":true}]}}