{"id":337,"date":"2021-05-18T15:12:27","date_gmt":"2021-05-18T13:12:27","guid":{"rendered":"https:\/\/www.mallorcaliteraria.cat\/botiga\/?post_type=product&#038;p=337"},"modified":"2025-10-14T14:29:13","modified_gmt":"2025-10-14T12:29:13","slug":"llibre-cartes-de-postguerra-de-miquel-villalonga-a-gafim-1941-1946","status":"publish","type":"product","link":"https:\/\/www.mallorcaliteraria.cat\/botiga\/producte\/llibre-cartes-de-postguerra-de-miquel-villalonga-a-gafim-1941-1946\/","title":{"rendered":"Llibre: &#8220;Cartes de postguerra. De Miquel Villalonga a Gafim (1941-1946)&#8221;"},"content":{"rendered":"<p>Autor\/a: Margalida M. Soc\u00edas Colomar<br \/>\nEdici\u00f3 de Fundaci\u00f3 Casa Museu Lloren\u00e7 Villalonga<br \/>\nAny d&#8217;edici\u00f3: 2007<\/p>\n<p>Miquel Villalonga (1899-1946) va passar els darrers anys de la seva vida recl\u00f2s a Bunyola v\u00edctima d&#8217;una malaltia. Al llarg d&#8217;aquest temps, la correspond\u00e8ncia epistolar fou el mitj\u00e0 de relaci\u00f3 m\u00e9s important. En aquest llibre trobam seixanta cartes adre\u00e7ades al seu amic i tamb\u00e9 escriptor Gabriel Fuster Mayans, &#8220;Gafim&#8221; (1913-1977). L&#8217;epistolari d\u00f3na testimoni vital i proper d&#8217;un temps marcat per la Guerra Civil, on la literatura i el periodisme s&#8217;exerciren entre tota mena de dificultats i mancances. Per\u00f2 en el qual lectura i escriptura es revelen tamb\u00e9 com a passions compartides, en un clima d&#8217;amistat entranyable.<\/p>\n<p>Tapa tova, 165 p\u00e0gines.<br \/>\nMides: 23 x 16,5 cms.<\/p>\n","protected":false},"excerpt":{"rendered":"<p>Autor\/a: Margalida M. Soc\u00edas Colomar Edici\u00f3 de Fundaci\u00f3 Casa Museu Lloren\u00e7 Villalonga Any d&#8217;edici\u00f3: 2007 Miquel Villalonga (1899-1946) va passar els darrers anys de la seva vida recl\u00f2s a Bunyola v\u00edctima d&#8217;una malaltia. Al llarg d&#8217;aquest temps, la correspond\u00e8ncia epistolar fou el mitj\u00e0 de relaci\u00f3 m\u00e9s important. En aquest llibre trobam seixanta cartes adre\u00e7ades al [&hellip;]<\/p>\n","protected":false},"featured_media":689,"comment_status":"open","ping_status":"closed","template":"","meta":[],"product_brand":[],"product_cat":[21],"product_tag":[100],"class_list":{"0":"post-337","1":"product","2":"type-product","3":"status-publish","4":"has-post-thumbnail","6":"product_cat-bl","7":"product_tag-bl0066","9":"first","10":"instock","11":"shipping-taxable","12":"purchasable","13":"product-type-simple"},"_links":{"self":[{"href":"https:\/\/www.mallorcaliteraria.cat\/botiga\/wp-json\/wp\/v2\/product\/337","targetHints":{"allow":["GET"]}}],"collection":[{"href":"https:\/\/www.mallorcaliteraria.cat\/botiga\/wp-json\/wp\/v2\/product"}],"about":[{"href":"https:\/\/www.mallorcaliteraria.cat\/botiga\/wp-json\/wp\/v2\/types\/product"}],"replies":[{"embeddable":true,"href":"https:\/\/www.mallorcaliteraria.cat\/botiga\/wp-json\/wp\/v2\/comments?post=337"}],"wp:featuredmedia":[{"embeddable":true,"href":"https:\/\/www.mallorcaliteraria.cat\/botiga\/wp-json\/wp\/v2\/media\/689"}],"wp:attachment":[{"href":"https:\/\/www.mallorcaliteraria.cat\/botiga\/wp-json\/wp\/v2\/media?parent=337"}],"wp:term":[{"taxonomy":"product_brand","embeddable":true,"href":"https:\/\/www.mallorcaliteraria.cat\/botiga\/wp-json\/wp\/v2\/product_brand?post=337"},{"taxonomy":"product_cat","embeddable":true,"href":"https:\/\/www.mallorcaliteraria.cat\/botiga\/wp-json\/wp\/v2\/product_cat?post=337"},{"taxonomy":"product_tag","embeddable":true,"href":"https:\/\/www.mallorcaliteraria.cat\/botiga\/wp-json\/wp\/v2\/product_tag?post=337"}],"curies":[{"name":"wp","href":"https:\/\/api.w.org\/{rel}","templated":true}]}}