{"id":461,"date":"2022-04-12T19:21:45","date_gmt":"2022-04-12T17:21:45","guid":{"rendered":"https:\/\/www.mallorcaliteraria.cat\/botiga\/?post_type=product&#038;p=461"},"modified":"2025-05-21T12:38:38","modified_gmt":"2025-05-21T10:38:38","slug":"llibre-andrea-victrix","status":"publish","type":"product","link":"https:\/\/www.mallorcaliteraria.cat\/botiga\/producte\/llibre-andrea-victrix\/","title":{"rendered":"Llibre: &#8220;Andrea V\u00edctrix&#8221;"},"content":{"rendered":"<p>Autor\/a: Lloren\u00e7 Villalonga.<br \/>\nEditorial: Adia Edicions.<br \/>\nCol\u00b7lecci\u00f3: pedreny 06.<br \/>\nAny d&#8217;edici\u00f3: 2020<\/p>\n<p>Una de les distopies m\u00e9s c\u00e8lebres del segle XX. Lloren\u00e7 Villalonga situa aquesta obra de ci\u00e8ncia-ficci\u00f3 a la Mallorca -Turclub &#8211; de 2050. S&#8217;avan\u00e7a al seu temps per descriure, com si fos un oracle, la decad\u00e8ncia i l&#8217;autodestrucci\u00f3 de la civilitzaci\u00f3 que ens ha tocat viure. Di\u00e0legs vius i intel\u00b7ligents, humor cruel, ironia punyent i s\u00e0tira salvatge.<\/p>\n<p>Tapa tova, 385p\u00e0gines.<br \/>\nMides: 19,5 x 13 cms.<\/p>\n","protected":false},"excerpt":{"rendered":"<p>Autor\/a: Lloren\u00e7 Villalonga. Editorial: Adia Edicions. Col\u00b7lecci\u00f3: pedreny 06. Any d&#8217;edici\u00f3: 2020 Una de les distopies m\u00e9s c\u00e8lebres del segle XX. Lloren\u00e7 Villalonga situa aquesta obra de ci\u00e8ncia-ficci\u00f3 a la Mallorca -Turclub &#8211; de 2050. S&#8217;avan\u00e7a al seu temps per descriure, com si fos un oracle, la decad\u00e8ncia i l&#8217;autodestrucci\u00f3 de la civilitzaci\u00f3 que ens [&hellip;]<\/p>\n","protected":false},"featured_media":484,"comment_status":"open","ping_status":"closed","template":"","meta":[],"product_brand":[],"product_cat":[21],"product_tag":[],"class_list":{"0":"post-461","1":"product","2":"type-product","3":"status-publish","4":"has-post-thumbnail","6":"product_cat-bl","8":"first","9":"instock","10":"shipping-taxable","11":"purchasable","12":"product-type-simple"},"_links":{"self":[{"href":"https:\/\/www.mallorcaliteraria.cat\/botiga\/wp-json\/wp\/v2\/product\/461","targetHints":{"allow":["GET"]}}],"collection":[{"href":"https:\/\/www.mallorcaliteraria.cat\/botiga\/wp-json\/wp\/v2\/product"}],"about":[{"href":"https:\/\/www.mallorcaliteraria.cat\/botiga\/wp-json\/wp\/v2\/types\/product"}],"replies":[{"embeddable":true,"href":"https:\/\/www.mallorcaliteraria.cat\/botiga\/wp-json\/wp\/v2\/comments?post=461"}],"wp:featuredmedia":[{"embeddable":true,"href":"https:\/\/www.mallorcaliteraria.cat\/botiga\/wp-json\/wp\/v2\/media\/484"}],"wp:attachment":[{"href":"https:\/\/www.mallorcaliteraria.cat\/botiga\/wp-json\/wp\/v2\/media?parent=461"}],"wp:term":[{"taxonomy":"product_brand","embeddable":true,"href":"https:\/\/www.mallorcaliteraria.cat\/botiga\/wp-json\/wp\/v2\/product_brand?post=461"},{"taxonomy":"product_cat","embeddable":true,"href":"https:\/\/www.mallorcaliteraria.cat\/botiga\/wp-json\/wp\/v2\/product_cat?post=461"},{"taxonomy":"product_tag","embeddable":true,"href":"https:\/\/www.mallorcaliteraria.cat\/botiga\/wp-json\/wp\/v2\/product_tag?post=461"}],"curies":[{"name":"wp","href":"https:\/\/api.w.org\/{rel}","templated":true}]}}