{"id":578,"date":"2023-09-14T13:01:16","date_gmt":"2023-09-14T11:01:16","guid":{"rendered":"https:\/\/www.mallorcaliteraria.cat\/botiga\/?post_type=product&#038;p=578"},"modified":"2025-05-21T12:36:56","modified_gmt":"2025-05-21T10:36:56","slug":"samarreta-la-lluna-en-vers-tirants-talla-m","status":"publish","type":"product","link":"https:\/\/www.mallorcaliteraria.cat\/botiga\/producte\/samarreta-la-lluna-en-vers-tirants-talla-m\/","title":{"rendered":"Samarreta La Lluna en Vers, tirants, talla M"},"content":{"rendered":"<h3>Samarreta amb el logo del festival de les nits d&#8217;estiu a la llum de La Lluna en Vers.<\/h3>\n<h3><strong>Talla M<\/strong>. Color blanc, samarreta de tirants en cot\u00f3 per a dona. Disponible en diferents talles.<\/h3>\n<h3>La Lluna en Vers \u00e9s el festival que la Fundaci\u00f3 Mallorca Liter\u00e0ria desplega de juny a setembre, durant cada cap de setmana, amb una proposta cultural: nits memorables d&#8217;arrel, m\u00fasica, literatura, poesia i teatre a Binissalem, Sant Joan i Santany\u00ed.<\/h3>\n","protected":false},"excerpt":{"rendered":"<p>Samarreta amb el logo del festival de les nits d&#8217;estiu a la llum de La Lluna en Vers. Talla M. Color blanc, samarreta de tirants en cot\u00f3 per a dona. Disponible en diferents talles. La Lluna en Vers \u00e9s el festival que la Fundaci\u00f3 Mallorca Liter\u00e0ria desplega de juny a setembre, durant cada cap de [&hellip;]<\/p>\n","protected":false},"featured_media":577,"comment_status":"open","ping_status":"closed","template":"","meta":[],"product_brand":[],"product_cat":[22],"product_tag":[],"class_list":{"0":"post-578","1":"product","2":"type-product","3":"status-publish","4":"has-post-thumbnail","6":"product_cat-bt","8":"first","9":"instock","10":"shipping-taxable","11":"purchasable","12":"product-type-simple"},"_links":{"self":[{"href":"https:\/\/www.mallorcaliteraria.cat\/botiga\/wp-json\/wp\/v2\/product\/578","targetHints":{"allow":["GET"]}}],"collection":[{"href":"https:\/\/www.mallorcaliteraria.cat\/botiga\/wp-json\/wp\/v2\/product"}],"about":[{"href":"https:\/\/www.mallorcaliteraria.cat\/botiga\/wp-json\/wp\/v2\/types\/product"}],"replies":[{"embeddable":true,"href":"https:\/\/www.mallorcaliteraria.cat\/botiga\/wp-json\/wp\/v2\/comments?post=578"}],"wp:featuredmedia":[{"embeddable":true,"href":"https:\/\/www.mallorcaliteraria.cat\/botiga\/wp-json\/wp\/v2\/media\/577"}],"wp:attachment":[{"href":"https:\/\/www.mallorcaliteraria.cat\/botiga\/wp-json\/wp\/v2\/media?parent=578"}],"wp:term":[{"taxonomy":"product_brand","embeddable":true,"href":"https:\/\/www.mallorcaliteraria.cat\/botiga\/wp-json\/wp\/v2\/product_brand?post=578"},{"taxonomy":"product_cat","embeddable":true,"href":"https:\/\/www.mallorcaliteraria.cat\/botiga\/wp-json\/wp\/v2\/product_cat?post=578"},{"taxonomy":"product_tag","embeddable":true,"href":"https:\/\/www.mallorcaliteraria.cat\/botiga\/wp-json\/wp\/v2\/product_tag?post=578"}],"curies":[{"name":"wp","href":"https:\/\/api.w.org\/{rel}","templated":true}]}}

<h3>Samarreta amb el logo del festival de les nits d&#8217;estiu a la llum de La Lluna en Vers.</h3>
<h3><strong>Talla M</strong>. Color blanc, samarreta de tirants en cotó per a dona. Disponible en diferents talles.</h3>
<h3>La Lluna en Vers és el festival que la Fundació Mallorca Literària desplega de juny a setembre, durant cada cap de setmana, amb una proposta cultural: nits memorables d&#8217;arrel, música, literatura, poesia i teatre a Binissalem, Sant Joan i Santanyí.</h3>

<p>Samarreta amb el logo del festival de les nits d&#8217;estiu a la llum de La Lluna en Vers. Talla M. Color blanc, samarreta de tirants en cotó per a dona. Disponible en diferents talles. La Lluna en Vers és el festival que la Fundació Mallorca Literària desplega de juny a setembre, durant cada cap de [&hellip;]</p>
