{"id":614,"date":"2024-05-10T15:52:43","date_gmt":"2024-05-10T13:52:43","guid":{"rendered":"https:\/\/www.mallorcaliteraria.cat\/botiga\/?post_type=product&#038;p=614"},"modified":"2026-03-10T12:36:21","modified_gmt":"2026-03-10T10:36:21","slug":"copa-poeteca-2024-blai-bonet-2","status":"publish","type":"product","link":"https:\/\/www.mallorcaliteraria.cat\/botiga\/producte\/copa-poeteca-2024-blai-bonet-2\/","title":{"rendered":"Copa Poeteca 2024: Blai Bonet"},"content":{"rendered":"<p>Copa de la col\u00b7lecci\u00f3 Poeteca, reedici\u00f3 2024 d&#8217;edici\u00f3 original del 2017<br \/>\nDedicada a Blai Bonet, amb el vers:<br \/>\n&#8220;Dita en el moment just, una frase talla m\u00e9s que un trinxet nou&#8221;<\/p>\n<p>Impressi\u00f3 sublimada en blanc sobre vidre transparent.<br \/>\nModel: Vict\u00f2ria<br \/>\nDi\u00e0metre: 86,5 mm<br \/>\nAltura: 221 mm<br \/>\nCapacitat: 47 cl<br \/>\nVidre temperat. M\u00e0xima resist\u00e8ncia en el peu de la copa. Resistent al xoc t\u00e8rmic. Apta per a microones i rentaplats.<br \/>\n* Per conservar durant m\u00e9s temps la impressi\u00f3, \u00e9s recomanable netejar a m\u00e0 amb sab\u00f3 rentavaixelles convencional, i evitar posar en la m\u00e0quina rentaplats.<\/p>\n","protected":false},"excerpt":{"rendered":"<p>Copa de la col\u00b7lecci\u00f3 Poeteca, reedici\u00f3 2024 d&#8217;edici\u00f3 original del 2017 Dedicada a Blai Bonet, amb el vers: &#8220;Dita en el moment just, una frase talla m\u00e9s que un trinxet nou&#8221; Impressi\u00f3 sublimada en blanc sobre vidre transparent. Model: Vict\u00f2ria Di\u00e0metre: 86,5 mm Altura: 221 mm Capacitat: 47 cl Vidre temperat. M\u00e0xima resist\u00e8ncia en el [&hellip;]<\/p>\n","protected":false},"featured_media":0,"comment_status":"open","ping_status":"closed","template":"","meta":[],"product_brand":[],"product_cat":[24],"product_tag":[],"class_list":{"0":"post-614","1":"product","2":"type-product","3":"status-publish","5":"product_cat-ba","7":"first","8":"instock","9":"shipping-taxable","10":"purchasable","11":"product-type-simple"},"_links":{"self":[{"href":"https:\/\/www.mallorcaliteraria.cat\/botiga\/wp-json\/wp\/v2\/product\/614","targetHints":{"allow":["GET"]}}],"collection":[{"href":"https:\/\/www.mallorcaliteraria.cat\/botiga\/wp-json\/wp\/v2\/product"}],"about":[{"href":"https:\/\/www.mallorcaliteraria.cat\/botiga\/wp-json\/wp\/v2\/types\/product"}],"replies":[{"embeddable":true,"href":"https:\/\/www.mallorcaliteraria.cat\/botiga\/wp-json\/wp\/v2\/comments?post=614"}],"wp:attachment":[{"href":"https:\/\/www.mallorcaliteraria.cat\/botiga\/wp-json\/wp\/v2\/media?parent=614"}],"wp:term":[{"taxonomy":"product_brand","embeddable":true,"href":"https:\/\/www.mallorcaliteraria.cat\/botiga\/wp-json\/wp\/v2\/product_brand?post=614"},{"taxonomy":"product_cat","embeddable":true,"href":"https:\/\/www.mallorcaliteraria.cat\/botiga\/wp-json\/wp\/v2\/product_cat?post=614"},{"taxonomy":"product_tag","embeddable":true,"href":"https:\/\/www.mallorcaliteraria.cat\/botiga\/wp-json\/wp\/v2\/product_tag?post=614"}],"curies":[{"name":"wp","href":"https:\/\/api.w.org\/{rel}","templated":true}]}}

<p>Copa de la col·lecció Poeteca, reedició 2024 d&#8217;edició original del 2017<br />
Dedicada a Blai Bonet, amb el vers:<br />
&#8220;Dita en el moment just, una frase talla més que un trinxet nou&#8221;</p>
<p>Impressió sublimada en blanc sobre vidre transparent.<br />
Model: Victòria<br />
Diàmetre: 86,5 mm<br />
Altura: 221 mm<br />
Capacitat: 47 cl<br />
Vidre temperat. Màxima resistència en el peu de la copa. Resistent al xoc tèrmic. Apta per a microones i rentaplats.<br />
* Per conservar durant més temps la impressió, és recomanable netejar a mà amb sabó rentavaixelles convencional, i evitar posar en la màquina rentaplats.</p>

<p>Copa de la col·lecció Poeteca, reedició 2024 d&#8217;edició original del 2017 Dedicada a Blai Bonet, amb el vers: &#8220;Dita en el moment just, una frase talla més que un trinxet nou&#8221; Impressió sublimada en blanc sobre vidre transparent. Model: Victòria Diàmetre: 86,5 mm Altura: 221 mm Capacitat: 47 cl Vidre temperat. Màxima resistència en el [&hellip;]</p>
