{"id":81,"date":"2021-05-13T10:59:27","date_gmt":"2021-05-13T08:59:27","guid":{"rendered":"https:\/\/www.mallorcaliteraria.cat\/webNova\/botiga\/?post_type=product&#038;p=81"},"modified":"2025-05-21T14:01:14","modified_gmt":"2025-05-21T12:01:14","slug":"llorenc-villalonga-en-blanc-i-negre","status":"publish","type":"product","link":"https:\/\/www.mallorcaliteraria.cat\/botiga\/producte\/llorenc-villalonga-en-blanc-i-negre\/","title":{"rendered":"Cartell: Lloren\u00e7 Villalonga"},"content":{"rendered":"<p>Cartell fotografia Impressi\u00f3 cartell de gran format de fotografia de Lloren\u00e7 Villalonga. Retrat de Toni Catany, 1967.<br \/>\nMida: 60 x 47 cms<\/p>\n","protected":false},"excerpt":{"rendered":"<p>Cartell fotografia Impressi\u00f3 cartell de gran format de fotografia de Lloren\u00e7 Villalonga. Retrat de Toni Catany, 1967. Mida: 60 x 47 cms<\/p>\n","protected":false},"featured_media":82,"comment_status":"open","ping_status":"closed","template":"","meta":[],"product_brand":[],"product_cat":[24],"product_tag":[30],"class_list":{"0":"post-81","1":"product","2":"type-product","3":"status-publish","4":"has-post-thumbnail","6":"product_cat-ba","7":"product_tag-ba0003","9":"first","10":"instock","11":"shipping-taxable","12":"purchasable","13":"product-type-simple"},"_links":{"self":[{"href":"https:\/\/www.mallorcaliteraria.cat\/botiga\/wp-json\/wp\/v2\/product\/81","targetHints":{"allow":["GET"]}}],"collection":[{"href":"https:\/\/www.mallorcaliteraria.cat\/botiga\/wp-json\/wp\/v2\/product"}],"about":[{"href":"https:\/\/www.mallorcaliteraria.cat\/botiga\/wp-json\/wp\/v2\/types\/product"}],"replies":[{"embeddable":true,"href":"https:\/\/www.mallorcaliteraria.cat\/botiga\/wp-json\/wp\/v2\/comments?post=81"}],"wp:featuredmedia":[{"embeddable":true,"href":"https:\/\/www.mallorcaliteraria.cat\/botiga\/wp-json\/wp\/v2\/media\/82"}],"wp:attachment":[{"href":"https:\/\/www.mallorcaliteraria.cat\/botiga\/wp-json\/wp\/v2\/media?parent=81"}],"wp:term":[{"taxonomy":"product_brand","embeddable":true,"href":"https:\/\/www.mallorcaliteraria.cat\/botiga\/wp-json\/wp\/v2\/product_brand?post=81"},{"taxonomy":"product_cat","embeddable":true,"href":"https:\/\/www.mallorcaliteraria.cat\/botiga\/wp-json\/wp\/v2\/product_cat?post=81"},{"taxonomy":"product_tag","embeddable":true,"href":"https:\/\/www.mallorcaliteraria.cat\/botiga\/wp-json\/wp\/v2\/product_tag?post=81"}],"curies":[{"name":"wp","href":"https:\/\/api.w.org\/{rel}","templated":true}]}}

Cartell: Llorenç Villalonga

<p>Cartell fotografia Impressió cartell de gran format de fotografia de Llorenç Villalonga. Retrat de Toni Catany, 1967.<br />
Mida: 60 x 47 cms</p>

<p>Cartell fotografia Impressió cartell de gran format de fotografia de Llorenç Villalonga. Retrat de Toni Catany, 1967. Mida: 60 x 47 cms</p>
