{"id":84,"date":"2021-05-13T11:04:16","date_gmt":"2021-05-13T09:04:16","guid":{"rendered":"https:\/\/www.mallorcaliteraria.cat\/webNova\/botiga\/?post_type=product&#038;p=84"},"modified":"2025-05-21T14:00:49","modified_gmt":"2025-05-21T12:00:49","slug":"els-paisatges-de-llorenc-villalonga","status":"publish","type":"product","link":"https:\/\/www.mallorcaliteraria.cat\/botiga\/producte\/els-paisatges-de-llorenc-villalonga\/","title":{"rendered":"CD: &#8220;Els paisatges de Lloren\u00e7 Villalonga&#8221;"},"content":{"rendered":"<p>Recorregut multim\u00e8dia sobre els espais m\u00e9s emblem\u00e0tics de l&#8217;escriptor mallorqu\u00ed Lloren\u00e7 Villalonga en format CD.<br \/>\nCreaci\u00f3 i elaboraci\u00f3 de continguts: Gaspar Valero<br \/>\nCol\u00b7lecci\u00f3 Literatura i Paisatge.<br \/>\nProducci\u00f3: Consell de Mallorca.<\/p>\n","protected":false},"excerpt":{"rendered":"<p>Recorregut multim\u00e8dia sobre els espais m\u00e9s emblem\u00e0tics de l&#8217;escriptor mallorqu\u00ed Lloren\u00e7 Villalonga en format CD. Creaci\u00f3 i elaboraci\u00f3 de continguts: Gaspar Valero Col\u00b7lecci\u00f3 Literatura i Paisatge. Producci\u00f3: Consell de Mallorca.<\/p>\n","protected":false},"featured_media":85,"comment_status":"open","ping_status":"closed","template":"","meta":[],"product_brand":[],"product_cat":[24],"product_tag":[31],"class_list":{"0":"post-84","1":"product","2":"type-product","3":"status-publish","4":"has-post-thumbnail","6":"product_cat-ba","7":"product_tag-ba0006","9":"first","10":"instock","11":"shipping-taxable","12":"purchasable","13":"product-type-simple"},"_links":{"self":[{"href":"https:\/\/www.mallorcaliteraria.cat\/botiga\/wp-json\/wp\/v2\/product\/84","targetHints":{"allow":["GET"]}}],"collection":[{"href":"https:\/\/www.mallorcaliteraria.cat\/botiga\/wp-json\/wp\/v2\/product"}],"about":[{"href":"https:\/\/www.mallorcaliteraria.cat\/botiga\/wp-json\/wp\/v2\/types\/product"}],"replies":[{"embeddable":true,"href":"https:\/\/www.mallorcaliteraria.cat\/botiga\/wp-json\/wp\/v2\/comments?post=84"}],"wp:featuredmedia":[{"embeddable":true,"href":"https:\/\/www.mallorcaliteraria.cat\/botiga\/wp-json\/wp\/v2\/media\/85"}],"wp:attachment":[{"href":"https:\/\/www.mallorcaliteraria.cat\/botiga\/wp-json\/wp\/v2\/media?parent=84"}],"wp:term":[{"taxonomy":"product_brand","embeddable":true,"href":"https:\/\/www.mallorcaliteraria.cat\/botiga\/wp-json\/wp\/v2\/product_brand?post=84"},{"taxonomy":"product_cat","embeddable":true,"href":"https:\/\/www.mallorcaliteraria.cat\/botiga\/wp-json\/wp\/v2\/product_cat?post=84"},{"taxonomy":"product_tag","embeddable":true,"href":"https:\/\/www.mallorcaliteraria.cat\/botiga\/wp-json\/wp\/v2\/product_tag?post=84"}],"curies":[{"name":"wp","href":"https:\/\/api.w.org\/{rel}","templated":true}]}}

CD: &#8220;Els paisatges de Llorenç Villalonga&#8221;

<p>Recorregut multimèdia sobre els espais més emblemàtics de l&#8217;escriptor mallorquí Llorenç Villalonga en format CD.<br />
Creació i elaboració de continguts: Gaspar Valero<br />
Col·lecció Literatura i Paisatge.<br />
Producció: Consell de Mallorca.</p>

<p>Recorregut multimèdia sobre els espais més emblemàtics de l&#8217;escriptor mallorquí Llorenç Villalonga en format CD. Creació i elaboració de continguts: Gaspar Valero Col·lecció Literatura i Paisatge. Producció: Consell de Mallorca.</p>
